{"id":10,"date":"2013-06-03T10:20:20","date_gmt":"2013-06-03T08:20:20","guid":{"rendered":"http:\/\/mediatau.it\/alazis\/?page_id=10"},"modified":"2020-09-01T12:10:17","modified_gmt":"2020-09-01T10:10:17","slug":"servizio-civile","status":"publish","type":"page","link":"https:\/\/mediatau.it\/alazis\/servizio-civile\/","title":{"rendered":"Servizio Civile 2016"},"content":{"rendered":"<div class=\"wpb-content-wrapper\">[vc_row][vc_column][vc_single_image image=&#8221;1517&#8243; img_size=&#8221;full&#8221; alignment=&#8221;center&#8221;][\/vc_column][vc_column][vc_column_text]La Cooperativa \u00e8 iscritta all\u2019albo regionale degli enti di servizio civile nazionale presso la regione siciliana, Assessorato della Famiglia, delle Politiche Sociali e del Lavoro \u2013 Dipartimento della Famiglia e delle politiche Sociali.<\/p>\n<p><strong>Classe di iscrizione:<\/strong> \u00a05a \u201cInclusione Sociale e Pari opportunit\u00e0<\/p>\n<p><strong>Codice:<\/strong> N\u00b0 NZ03560 del 25\/01\/2010<\/p>\n<p>&nbsp;<\/p>\n<h4><b>Bando Servizio Civile Nazionale 2016 con Al Azis\u00a0<\/b><\/h4>\n<p>Il\u202f<b>Dipartimento della Giovent\u00f9 e del Servizio Civile<\/b>\u202fha pubblicato il\u202f<span style=\"color: #800080;\"><a style=\"color: #800080;\" href=\"http:\/\/www.gioventuserviziocivilenazionale.gov.it\/dgscn-news\/2016\/5\/bando-ordinario-2016.aspx\"><b>Ba<\/b><b>n<\/b><b>do\u202fNazionale Ordinario<\/b><\/a>\u202f<\/span>per la selezione di\u202f<b>35.203<\/b><b> volontari<\/b>\u202fda avviare in\u202f<b>Italia<\/b>\u202fe all\u2019<b>Estero<\/b>\u202fal servizio nell\u2019anno 2016. Tra i progetti approvati quello della Cooperativa Sociale Al Azis \u201cIl Servizio Civile per i quartieri Zisa e Danisinni\u201d per 8 posti. Scadenza il 30 giugno 2016 alle ore 14.<\/p>\n<p><b>Hai tra i 18 e i 29 anni (non ancora compiuti il giorno in cui presenti la domanda)?\u00a0<\/b><\/p>\n<p><b>V<\/b><b>uoi dedicare un anno della tua vita a<\/b><b>i bambini ed ai ragazzi del quartiere Zisa e del Rione Danisinni di Palermo ed alla costruzione di una societ\u00e0<\/b><b> migliore?\u00a0<\/b><\/p>\n<p><b>Vuoi crescere professionalmente, personalmente e intellettualmente?\u00a0<\/b><\/p>\n<p><b>Ecco allora ci\u00f2 che fa per te: il <\/b><b>Servizio Civile<\/b>!<\/p>\n<p>&nbsp;<\/p>\n<p><b><i>PERCHE\u2019<\/i><\/b><\/p>\n<p><b>Per fare un\u2019esperienza significativa di crescita e maturazione personale e professionale <\/b>nel settore dell\u2019assistenza, avendo come destinatari privilegiati i bambini, i ragazzi ed i giovani che vivono nel quartiere Zisa e nel Rione Danisinni.<\/p>\n<p><b>Un anno di <\/b><b>Servizio Civile <\/b><b>svolto potr\u00e0 consentire di acquisire competenze e conoscenze spendibili nel mondo del lavoro, <\/b>specialmente se desideri lavorare nel settore sociale e dei servizi educativi per l\u2019infanzia. Le molteplici attivit\u00e0 previste nel progetto, infatti, riguardano ambiti sociali, educativi, culturali, artistici formativi, informativi, legati anche alla comunicazione e alle nuove tecnologie.<\/p>\n<p>&nbsp;<\/p>\n<p><b><i>REQUISITI<\/i><\/b><\/p>\n<p>Ad eccezione degli appartenenti ai corpi militari o alle forze di polizia, possono partecipare alla selezione i giovani, senza distinzione di sesso che, alla data di presentazione della domanda, abbiano compiuto il diciottesimo e non superato il ventottesimo anno di et\u00e0, in possesso dei seguenti requisiti:<\/p>\n<ul>\n<li>cittadini italiani;<\/li>\n<li>cittadini degli altri paesi dell\u2019Unione Europea;<\/li>\n<li>cittadini non comunitari regolarmente soggiornanti;<\/li>\n<li>non aver riportato condanna anche non definitiva alla pena della reclusione superiore ad un anno<\/li>\n<\/ul>\n<p>I requisiti di partecipazione devono essere posseduti alla data di presentazione della domanda e, ad eccezione del limite di et\u00e0, mantenuti sino al termine del servizio.<\/p>\n<p><b>Non possono presentare domanda<\/b>\u202fi giovani che:<\/p>\n<ul>\n<li>gi\u00e0 prestano o abbiano prestato servizio civile\u202fin qualit\u00e0 di volontari ai sensi della legge n.64 del 2001, ovvero che abbiano interrotto il servizio prima della scadenza prevista, nonch\u00e8 coloro che alla data di pubblicazione del presente bando siano impegnati nella realizzazione di servizio civile nazionale per l\u2019attuazione del programma europeo Garanzia Giovani e per l\u2019attuazione del progetto sperimentale europeo IVO4ALL<\/li>\n<li>abbiano in corso con l\u2019ente che realizza il progetto rapporti di lavoro\u202fo di collaborazione retribuita a qualunque titolo, ovvero che abbiano avuto tali rapporti nell\u2019anno precedente di durata superiore a tre mesi.<\/li>\n<\/ul>\n<p>Non costituisce causa ostativa alla presentazione della domanda di servizio civile nazionale l\u2019aver gi\u00e0 svolto il servizio civile nell\u2019ambito del programma europeo \u201cGaranzia Giovani\u201d o aver interrotto il servizio civile nazionale a conclusione di un procedimento sanzionatorio a carico dell\u2019ente originato da segnalazione dei volontari.<\/p>\n<p>&nbsp;<\/p>\n<p><b><i>COME <\/i><\/b><b><i>PRESENTARE LA DOMANDA<\/i><\/b><\/p>\n<p>La domanda per partecipare ai progetti di Servizio Civile Nazionale potr\u00e0 essere presentata entro la data riportata nei bandi stessi:\u202f<b>30 giugno\u202f2016 ore 14:00<\/b><b>\u202f<\/b>(non fa fede il timbro postale).<\/p>\n<p>Le domande possono essere presentate esclusivamente secondo le seguenti modalit\u00e0:<\/p>\n<p>1) con Posta Elettronica Certificata (PEC) all\u2019indirizzo alazis@pec.mediatau.it, avendo cura di allegare tutta la documentazione richiesta in formato pdf;<\/p>\n<p>2) a mezzo \u201craccomandata A\/R\u201d avendo cura di allegare tutta la documentazione richiesta;<\/p>\n<p>3) consegnate a mano presso la sede della <b>Al Azis Cooperativa Sociale<\/b>, Via Cipressi, 9, 90134 Palermo. Tel: 091 6528020, <span style=\"color: #800080;\"><a style=\"color: #800080;\" href=\"mailto:alazis@mediatau.it\">alazis@mediatau.it<\/a><\/span><\/p>\n<p>La sede di Al Azis \u00e8 aperta dal luned\u00ec al venerd\u00ec, dalle ore 9 alle 13 e dalle 15 alle 18. Sul sito <a href=\"http:\/\/mediatau.it\/alazis\"><span style=\"color: #800080;\"><b>www<\/b><b>.alazis.<\/b><\/span><b><span style=\"color: #800080;\">it<\/span> <\/b><\/a>trovi il progetto, il bando e quanto occorre per presentare la domanda.<\/p>\n<p>I documenti necessari\u202fda consegnare alla presentazione della domanda sono:<\/p>\n<p>\u2022 Domanda di ammissione \u2013<span style=\"color: #800080;\"><a style=\"color: #800080;\" href=\"http:\/\/mediatau.it\/alazis\/wp-content\/uploads\/sites\/15\/2013\/06\/Allegato-2-Domanda-di-ammissione-Al-Azis.pdf\" rel=\"\">Allegato-2-Domanda-di-ammissione\u00a0<\/a><\/span><br \/>\n\u2022 Dichiarazione dei titoli \u2013\u202f<span style=\"color: #800080;\"><a style=\"color: #800080;\" href=\"http:\/\/mediatau.it\/alazis\/wp-content\/uploads\/sites\/15\/2016\/06\/Allegato-3-Dichiarazione-Titoli.pdf\" rel=\"\">Allegato-3-Dichiarazione-Titoli<\/a><\/span><br \/>\n\u2022 Documento di identit\u00e0 valido<br \/>\n\u2022 Curriculum Vitae firmato<\/p>\n<p>&nbsp;<\/p>\n<p><b><i>RICORDA CHE<\/i><\/b><\/p>\n<ul>\n<li>Puoi presentare\u202funa sola domanda di Servizio Civile\u202fper un unico progetto, pena l\u2019esclusione dal Servizio Civile.<\/li>\n<li>I documenti richiesti devono essere\u202fcompilati in ogni parte, firmati e presentati all\u2019organizzazione presso la quale si realizza il progetto (troverai i riferimenti all\u2019interno di ogni singola scheda progetto).<\/li>\n<li>Devi\u202fallegare il\u202fdocumento d\u2019identit\u00e0 valido e il Curriculum Vitae. Le informazioni presenti nel Curriculum Vitae, per essere valutate, devono essere riportate nell\u2019<b>Allegato 3<\/b>.<\/li>\n<li>Puoi consultare\u00a0qui i nostri Criteri di Selezione\u202f\u00a0<a href=\"http:\/\/mediatau.it\/alazis\/wp-content\/uploads\/sites\/15\/2016\/06\/CRITERI-DI-SELEZIONE-VOLONTARI-SC.pdf\" rel=\"\">: <\/a><strong><a style=\"color: #800080; text-decoration: underline;\" href=\"http:\/\/mediatau.it\/alazis\/wp-content\/uploads\/sites\/15\/2016\/06\/CRITERI-DI-SELEZIONE-VOLONTARI-SC.pdf\" rel=\"\">CRITERI DI SELEZIONE VOLONTARI SERVIZIO CIVILE<\/a><\/strong><\/li>\n<\/ul>\n<p><b><i>DOMANDE E SCADENZE<\/i><\/b><\/p>\n<p>La domanda per partecipare ai progetti di Servizio Civile Nazionale potr\u00e0 essere presentata entro la data riportata nei bandi stessi:\u202f<b>30 giugno\u202f2016 ore 14:00<\/b><b>\u202f<\/b>(non fa fede il timbro postale).<\/p>\n<p>&nbsp;<\/p>\n<p><b><i>PER INFORMAZIONI<\/i><\/b><\/p>\n<p>Eventuali informazioni possono essere richieste contattando <b>Al Azis Cooperativa Sociale<\/b>, Via Cipressi, 9, 90134 Palermo, Tel: 091 6528020, <a href=\"mailto:alazis@mediatau.it\">alazis@mediatau.it<\/a>, dal luned\u00ec al venerd\u00ec, dalle ore 9 alle 13 e dalle 15 alle 18.<\/p>\n<p>Progetto e criteri di selezione<a href=\"http:\/\/mediatau.it\/alazis\/allegato-6-elementi-essenziali-di-progetto-e-criteri-di-valutazione-per-la-selezione-dei-volontari\/\" rel=\"\">:\u00a0<span style=\"color: #800080;\"><strong>Allegato 6 \u2013 Elementi Essenziali di progetto e Criteri di valutazione per la selezione dei volontari<\/strong><\/span><\/a><span style=\"color: #800080;\"><strong><a style=\"color: #800080;\" href=\"http:\/\/mediatau.it\/alazis\/wp-content\/uploads\/sites\/15\/2016\/06\/CRITERI-DI-SELEZIONE-VOLONTARI-SC.pdf\" rel=\"\">.<\/a><\/strong><\/span><\/p>\n[\/vc_column_text][\/vc_column][\/vc_row]\n<\/div>","protected":false},"excerpt":{"rendered":"<p>[vc_row][vc_column][vc_single_image image=&#8221;1517&#8243; img_size=&#8221;full&#8221; alignment=&#8221;center&#8221;][\/vc_column][vc_column][vc_column_text]La Cooperativa \u00e8 iscritta all\u2019albo regionale degli enti di servizio civile nazionale presso la regione siciliana, Assessorato della Famiglia, delle Politiche Sociali e del Lavoro \u2013 Dipartimento della Famiglia e delle politiche Sociali. Classe di iscrizione: \u00a05a \u201cInclusione Sociale e Pari opportunit\u00e0 Codice: N\u00b0 NZ03560 del 25\/01\/2010 &nbsp; Bando Servizio Civile Nazionale<\/p>\n","protected":false},"author":1,"featured_media":0,"parent":0,"menu_order":0,"comment_status":"closed","ping_status":"open","template":"","meta":{"footnotes":""},"class_list":["post-10","page","type-page","status-publish","hentry"],"_links":{"self":[{"href":"https:\/\/mediatau.it\/alazis\/wp-json\/wp\/v2\/pages\/10","targetHints":{"allow":["GET"]}}],"collection":[{"href":"https:\/\/mediatau.it\/alazis\/wp-json\/wp\/v2\/pages"}],"about":[{"href":"https:\/\/mediatau.it\/alazis\/wp-json\/wp\/v2\/types\/page"}],"author":[{"embeddable":true,"href":"https:\/\/mediatau.it\/alazis\/wp-json\/wp\/v2\/users\/1"}],"replies":[{"embeddable":true,"href":"https:\/\/mediatau.it\/alazis\/wp-json\/wp\/v2\/comments?post=10"}],"version-history":[{"count":8,"href":"https:\/\/mediatau.it\/alazis\/wp-json\/wp\/v2\/pages\/10\/revisions"}],"predecessor-version":[{"id":2313,"href":"https:\/\/mediatau.it\/alazis\/wp-json\/wp\/v2\/pages\/10\/revisions\/2313"}],"wp:attachment":[{"href":"https:\/\/mediatau.it\/alazis\/wp-json\/wp\/v2\/media?parent=10"}],"curies":[{"name":"wp","href":"https:\/\/api.w.org\/{rel}","templated":true}]}}