{"id":1457,"date":"2016-06-03T17:23:02","date_gmt":"2016-06-03T15:23:02","guid":{"rendered":"http:\/\/mediatau.it\/alazis\/?page_id=1457"},"modified":"2016-06-03T17:24:52","modified_gmt":"2016-06-03T15:24:52","slug":"1457-2","status":"publish","type":"page","link":"https:\/\/mediatau.it\/alazis\/1457-2\/","title":{"rendered":"S.I.G.I.S.A.S. &#8211; Sistema Informatizzato Gestione Integrata dei Servizi Socio &#8211; Assistenziali e Sanitari"},"content":{"rendered":"<p><a href=\"http:\/\/mediatau.it\/alazis\/wp-content\/uploads\/sites\/15\/2013\/06\/sigisas.png\" rel=\"attachment wp-att-1444\"><img fetchpriority=\"high\" decoding=\"async\" class=\"wp-image-1444 alignleft\" src=\"http:\/\/mediatau.it\/alazis\/wp-content\/uploads\/sites\/15\/2013\/06\/sigisas.png\" alt=\"sigisas\" width=\"307\" height=\"307\" srcset=\"https:\/\/mediatau.it\/alazis\/wp-content\/uploads\/sites\/15\/2013\/06\/sigisas.png 978w, https:\/\/mediatau.it\/alazis\/wp-content\/uploads\/sites\/15\/2013\/06\/sigisas-150x150.png 150w, https:\/\/mediatau.it\/alazis\/wp-content\/uploads\/sites\/15\/2013\/06\/sigisas-300x300.png 300w, https:\/\/mediatau.it\/alazis\/wp-content\/uploads\/sites\/15\/2013\/06\/sigisas-768x768.png 768w, https:\/\/mediatau.it\/alazis\/wp-content\/uploads\/sites\/15\/2013\/06\/sigisas-187x187.png 187w\" sizes=\"(max-width: 307px) 100vw, 307px\" \/><\/a><\/p>\n<p>&nbsp;<\/p>\n<p>&nbsp;<\/p>\n<p>&nbsp;<\/p>\n<p>&nbsp;<\/p>\n<p>&nbsp;<\/p>\n<p>&nbsp;<\/p>\n<p>&nbsp;<\/p>\n<p>&nbsp;<\/p>\n<p>&nbsp;<\/p>\n<p>&nbsp;<\/p>\n<p><span style=\"color: #000000; font-family: 'comic sans ms', sans-serif; font-size: 14pt;\">Avviato il 02\/2014, concluso il 09\/2015.\u00a0<\/span><\/p>\n<p><span style=\"color: #000000; font-family: 'comic sans ms', sans-serif; font-size: 14pt;\"><span style=\"color: #0000ff;\">Ente attuatore:<\/span>\u00a0 Comune di Palermo<\/span><\/p>\n<p><span style=\"color: #000000; font-family: 'comic sans ms', sans-serif; font-size: 14pt;\"><span style=\"color: #0000ff;\">Enti partner:<\/span>\u00a0Al Azis coop. soc.,\u00a0Societ\u00e0 Cooperativa Sociale e Sviluppo Solidale, Sol.Co \u2013 rete di imprese Sociali siciliane, Ass. Jus Vitae, Ass. Euro, Ass.\u00a0\u201cCentro Studi Don Calabria\u201d, Ass.\u00a0Inventare Insieme (Onlus), Confraternita dei Falegnami, Ass.\u00a0Progetto Giovani, Ass. Apriti Cuore, l\u2019Ispettoria Salesiana<\/span><\/p>\n<p style=\"text-align: justify;\">A decorrere dal mese di febbraio 2014 e fino al 30 settembre 2015 la Cooperativa \u00e8 stata impegnata nella gestione del progetto <strong>S.I.G.I.S.A.S. &#8211; Sistema Informatizzato Gestione Integrata dei Servizi Socio &#8211; Assistenziali e Sanitari<\/strong>, finanziato dalla Regione Sicilia \u2013 Dipartimento della Famiglia e delle politiche sociali &#8211; linea di intervento 6.1.4.1 Istituzione di centri unificati di informazione e accesso ai servizi, con particolare riferimento alle esigenze delle persone diversamente abili e dei cittadini extra \u2013 comunitari &#8211; PISU \u201cPalermo Capitale\u201d. Il progetto \u00e8 stato gestito in ATS con il Comune di Palermo (ente capofila), la Societ\u00e0 Cooperativa Sociale e Sviluppo Solidale, il Sol.Co \u2013 rete di imprese Sociali siciliane, l\u2019associazione Jus Vitae, l\u2019Associazione Euro, l\u2019Associazione \u201cCentro Studi Don Calabria\u201d, l\u2019Associazione\u00a0 Inventare Insieme (Onlus), la Confraternita dei Falegnami, l\u2019associazione Progetto Giovani, l\u2019associazione Apriti Cuore, l\u2019Ispettoria Salesiana e la cooperativa Al Azis. L\u2019intervento proposto, ha avuto quale finalit\u00e0 principale quella della sicurezza e del benessere sociale,\u00a0 offrendo alle persone e alle famiglie un sistema integrato di interventi e servizi socio-sanitari volti a garantire qualit\u00e0 della vita, pari opportunit\u00e0, non discriminazioni e diritti di cittadinanza. Altra azione prevista dal progetto \u00e8 stata la realizzazione\u00a0 di appositi Osservatori sulle diverse tipologie di bisogno con l\u2019obiettivo di realizzare analisi periodiche che verifichino le modificazioni sociali sul Territorio, promuovano azioni di ricerca e intervento al fine di dare una risposta efficace ed efficiente ai bisogni emersi nel contesto territoriale. Sono stati attivati due Osservatori tematici, uno sulla legalit\u00e0 e gestione dei beni confiscati alla mafia e l\u2019altro sulla condizione agio\/disagio giovanile. In quest\u2019ultima azione si \u00e8 posto il coinvolgimento della Cooperativa Al Azis, con l\u2019obiettivo di reperire le risorse presenti sul territorio e contribuire al completamento della mappatura delle risorse.<\/p>\n<p style=\"text-align: justify;\"><strong>Area:<\/strong><\/p>\n<ol>\n<li><strong>Progetti per l\u2019inclusione socio lavorativa dei giovani<\/strong><\/li>\n<li><strong>Progetti per l\u2019immigrazione<\/strong><\/li>\n<\/ol>\n","protected":false},"excerpt":{"rendered":"<p>&nbsp; &nbsp; &nbsp; &nbsp; &nbsp; &nbsp; &nbsp; &nbsp; &nbsp; &nbsp; Avviato il 02\/2014, concluso il 09\/2015.\u00a0 Ente attuatore:\u00a0 Comune di Palermo Enti partner:\u00a0Al Azis coop. soc.,\u00a0Societ\u00e0 Cooperativa Sociale e Sviluppo Solidale, Sol.Co \u2013 rete di imprese Sociali siciliane, Ass. Jus Vitae, Ass. Euro, Ass.\u00a0\u201cCentro Studi Don Calabria\u201d, Ass.\u00a0Inventare Insieme (Onlus), Confraternita dei Falegnami, Ass.\u00a0Progetto Giovani,<\/p>\n","protected":false},"author":3,"featured_media":0,"parent":0,"menu_order":0,"comment_status":"closed","ping_status":"closed","template":"","meta":{"footnotes":""},"class_list":["post-1457","page","type-page","status-publish","hentry"],"_links":{"self":[{"href":"https:\/\/mediatau.it\/alazis\/wp-json\/wp\/v2\/pages\/1457","targetHints":{"allow":["GET"]}}],"collection":[{"href":"https:\/\/mediatau.it\/alazis\/wp-json\/wp\/v2\/pages"}],"about":[{"href":"https:\/\/mediatau.it\/alazis\/wp-json\/wp\/v2\/types\/page"}],"author":[{"embeddable":true,"href":"https:\/\/mediatau.it\/alazis\/wp-json\/wp\/v2\/users\/3"}],"replies":[{"embeddable":true,"href":"https:\/\/mediatau.it\/alazis\/wp-json\/wp\/v2\/comments?post=1457"}],"version-history":[{"count":3,"href":"https:\/\/mediatau.it\/alazis\/wp-json\/wp\/v2\/pages\/1457\/revisions"}],"predecessor-version":[{"id":1460,"href":"https:\/\/mediatau.it\/alazis\/wp-json\/wp\/v2\/pages\/1457\/revisions\/1460"}],"wp:attachment":[{"href":"https:\/\/mediatau.it\/alazis\/wp-json\/wp\/v2\/media?parent=1457"}],"curies":[{"name":"wp","href":"https:\/\/api.w.org\/{rel}","templated":true}]}}