{"id":1877,"date":"2015-02-24T11:43:22","date_gmt":"2015-02-24T10:43:22","guid":{"rendered":"http:\/\/mediatau.it\/centrotau\/?page_id=1877"},"modified":"2021-04-15T16:09:44","modified_gmt":"2021-04-15T14:09:44","slug":"zisoundlab","status":"publish","type":"page","link":"https:\/\/mediatau.it\/centrotau\/innovation-hub\/zisoundlab\/","title":{"rendered":"Zisoundlab"},"content":{"rendered":"<div class=\"wpb-content-wrapper\">\t\t<div data-elementor-type=\"wp-page\" data-elementor-id=\"1877\" class=\"elementor elementor-1877\">\n\t\t\t\t\t\t<section class=\"elementor-section elementor-top-section elementor-element elementor-element-799baae elementor-section-boxed elementor-section-height-default elementor-section-height-default\" data-id=\"799baae\" data-element_type=\"section\">\n\t\t\t\t\t\t<div class=\"elementor-container elementor-column-gap-default\">\n\t\t\t\t\t<div class=\"elementor-column elementor-col-100 elementor-top-column elementor-element elementor-element-162c45fd\" data-id=\"162c45fd\" data-element_type=\"column\">\n\t\t\t<div class=\"elementor-widget-wrap elementor-element-populated\">\n\t\t\t\t\t\t<div class=\"elementor-element elementor-element-439a2ab4 elementor-widget elementor-widget-text-editor\" data-id=\"439a2ab4\" data-element_type=\"widget\" data-widget_type=\"text-editor.default\">\n\t\t\t\t<div class=\"elementor-widget-container\">\n\t\t\t\t\t\t\t\t\t\n<div class=\"mk-page-section-wrapper\" data-mk-full-width=\"true\" data-mk-full-width-init=\"true\" data-mk-stretch-content=\"true\">\n\t<div id=\"page-section-2\" class=\"mk-page-section self-hosted   full_layout full-width-2 js-el js-master-row jupiter-donut-   \"    data-intro-effect=\"false\">\n\n\t\t\t\n\t\t\t<div class=\"mk-page-section-inner\">\n\t\t\t\t\n\n\n<div class=\"mk-video-color-mask\"><\/div>\n\n\t\t\t\t\n\t\t\t\t\n\t\n\t<div class=\"background-layer-holder\">\n\t\t<div id=\"background-layer--2\" data-mk-lazyload=\"false\" class=\"background-layer mk-background-stretch none-blend-effect js-el\"    data-mk-img-set='{\"landscape\":{\"external\":\"http:\/\/mediatau.it\/centrotau\/wp-content\/uploads\/sites\/2\/2015\/02\/SIOUND-LAB.jpg\"},\"responsive\":\"true\"}' >\n\t\t\t\t\t\t\t\t\t<div class=\"mk-color-layer\"><\/div>\n\t\t<\/div>\n\t<\/div>\n\n\t\t\t<\/div>\n\n\t\t\t\n        <div class=\"page-section-content vc_row-fluid mk-grid \" >\n            <div class=\"mk-padding-wrapper wpb_row\">\n<div class=\"vc_col-sm-12 wpb_column column_container vc_custom_1453198894163 jupiter-donut- _ jupiter-donut-height-full\">\n\t<\/div>\n<\/div>\n            <div class=\"clearboth\"><\/div>\n        <\/div>\n\n\n\t\t\t\n\t\t\t\n\t\t\t\n\t\t<div class=\"clearboth\"><\/div>\n\t<\/div>\n<\/div>\n<div class=\"vc_row-full-width vc_clearfix\"><\/div>\n\n\n<div class=\"mk-page-section-wrapper\" data-mk-full-width=\"true\" data-mk-full-width-init=\"true\" data-mk-stretch-content=\"true\">\n\t<div id=\"page-section-4\" class=\"mk-page-section self-hosted   full_layout full-width-4 js-el js-master-row jupiter-donut-   \"    data-intro-effect=\"false\">\n\n\t\t\t\n\t\t\t<div class=\"mk-page-section-inner\">\n\t\t\t\t\n\n\n<div class=\"mk-video-color-mask\"><\/div>\n\n\t\t\t\t\n\t\t\t\t\t\t\t<\/div>\n\n\t\t\t\n        <div class=\"page-section-content vc_row-fluid mk-grid \" >\n            <div class=\"mk-padding-wrapper wpb_row\">\n<div class=\"vc_col-sm-12 wpb_column column_container  jupiter-donut- _ jupiter-donut-height-full\">\n\t\n<h2 id=\"fancy-title-6\" class=\"mk-fancy-title  simple-style jupiter-donut-  color-single\">\n\t<span>\n\t\t\t\t<p>ZISOUND LAB<\/p>\n\t\t\t<\/span>\n<\/h2>\n<div class=\"clearboth\"><\/div>\n\n\n\n<\/div>\n\n<div class=\"vc_col-sm-6 wpb_column column_container  jupiter-donut- _ jupiter-donut-height-full\">\n\t\n<div id=\"text-block-8\" class=\"mk-text-block  jupiter-donut- \">\n\n\t\n\t<p style=\"text-align: justify;\">ZISoundLab \u00e8 un Processo&nbsp;di arteducazione musicale sviluppato, a partire dal 2010, dal Centro TAU \u2013 Officina di Promozione Socioculturale attivo da 27 anni nel Quartiere Zisa di Palermo.<\/p>\n<p style=\"text-align: justify;\">ZISoundLab ha come finalit\u00e0 &nbsp;quella di incentivare e sostenere la comunit\u00e0 adolescenziale e giovanile a posizionarsi nel presente e proiettarsi nel futuro, a sviluppare senso critico e creativit\u00e0, a superare situazioni di disagio e disadattamento, a partecipare in maniera attiva alla vita sociale, attraverso processi educativi e di promozione artistico-musicale.<\/p>\n<p style=\"text-align: justify;\">Il processo mira a costruire un \u201cterritorio musicale\u201d che sia un \u201cluogo di buone pratiche\u201d dove gli obiettivi didattici dell\u2019educazione alla, con e per la musica trovino concreta realizzazione e mira a creare un setting che renda accattivante ed efficace l\u2019esplorazione del mondo musicale contemporaneo (generi, stili, linguaggi, sincretismi) e della produzione audiovisuale legata alla musica.<\/p>\n<p style=\"text-align: justify;\">I giovani coinvolti in ZISoundLab sono accompagnati da professionisti del settore nella formazione musicale, nella definizione dei propri progetti artistici, individuali e di gruppo e nella definizione di proprie mappe concettuali utili ad un posizionamento nel presente e ad una proiezione positiva nel futuro, sviluppando in tal modo senso critico e creativit\u00e0 e superando comportamenti disadattivi e rinunciatari.<\/p>\n<p style=\"text-align: justify;\">Gli obiettivi di ZISoundLab sono:<\/p>\n<ul>\n<li style=\"text-align: justify;\">favorire il protagonismo e l\u2019associazionismo giovanile, il confronto tra pari, la sperimentazione di nuove forme di attivismo artistico solidale;<\/li>\n<li style=\"text-align: justify;\">promuovere la conoscenza dei lessici, dei linguaggi, delle tecniche, dei repertori e degli stili della comunicazione musicale contemporanea;<\/li>\n<li style=\"text-align: justify;\">favorire una produzione artistica autonoma dei giovani (canzoni, colonne sonore, sonorizzazioni, musiche per immagini);<\/li>\n<li style=\"text-align: justify;\">facilitare la presa di coscienza dei giovani rispetto alle proprie identit\u00e0 sonoro-musicali (condotte, vissuti, significati, potenzialit\u00e0, competenze, bisogni);<\/li>\n<li style=\"text-align: justify;\">attivare processi di socializzazione e animazione artistica del territorio attraverso produzioni musicali ed audiovisive originali;<\/li>\n<li style=\"text-align: justify;\">promuovere dimensioni valoriali forti collegate al fare concreto musicale, capaci di superare i rischi di una visione esclusivamente tecnicistica e \u201cconservatoriale\u201d della musica;<\/li>\n<li style=\"text-align: justify;\">Offrire una formazione musicale di base come linguaggio universale e multiculturale<\/li>\n<li style=\"text-align: justify;\">stimolare la conoscenza delle tradizioni musicali con particolare riferimento alle etnie ed alle culture di appartenenza coinvolte nel progetto;<\/li>\n<li style=\"text-align: justify;\">costruire il senso d\u2019identit\u00e0 del collettivo integrando tra loro le singole personalit\u00e0 dei beneficiari e le rispettive culture;<\/li>\n<li style=\"text-align: justify;\">elaborare un repertorio musicale come parte integrante del percorso formativo;<\/li>\n<li style=\"text-align: justify;\">divulgare l\u2019esperienza interculturale e sociale del collettivo attraverso l\u2019organizzazione e la partecipazione ad eventi musicali, conferenze\/concerto e seminari per raggiungere il maggior numero possibile di beneficiari indiretti;<\/li>\n<li style=\"text-align: justify;\">diffusione dei linguaggi e delle tecniche musicali e audiovisuali della contemporaneit\u00e0;<\/li>\n<li style=\"text-align: justify;\">valorizzazione delle risorse individuali e della creativit\u00e0 artistica dei giovani e promozione delle eccellenze;<\/li>\n<li style=\"text-align: justify;\">promuovere lo sviluppo di strategie mentali che consentono l\u2019accesso, la gestione dei dati, la loro catalogazione ed elaborazione utilizzando tecnologie informatiche e multimediali attuali.<\/li>\n<\/ul>\n\n\t<div class=\"clearboth\"><\/div>\n<\/div>\n\n<\/div>\n\n<div class=\"vc_col-sm-6 wpb_column column_container  jupiter-donut- _ jupiter-donut-height-full\">\n\t\n<div id=\"text-block-10\" class=\"mk-text-block  jupiter-donut- \">\n\n\t\n\t<p style=\"text-align: justify;\">Il Processo ZISoundLab \u00e8 promosso dall\u2019Associazione \u201cInventare Insieme (onlus) che gestisce il Centro TAU e promuove attivit\u00e0 educative, artistiche e mediaeducative , processi di espressivit\u00e0 e creativit\u00e0 attraverso la musica e i media, attivit\u00e0 di accompagnamento educativo, orientamento alla musica, laboratori musicali,&nbsp; produzioni musicali e produzioni mediali. Attraverso i llaboratori musicali del Centro TAU vengono formati adolescenti e giovani tra i 12 ed i 25 anni, prevalentemente del quartiere, attraverso &nbsp;studio e pratica di alcuni strumenti musicali: tastiera, chitarra, batteria, percussioni, basso, canto. All\u2019interno del centro si sono allestiti diversi spazi ove i giovani potessero studiare e praticare&nbsp; musica e nell\u2019ultimo anno \u00e8 stata attivata anche una sale prove con una sala regia dotata di attrezzature musicali e di registrazione.<\/p>\n<p style=\"text-align: justify;\">Il processo ZISoundLab \u00e8 stato avviato a seguito del progetto \u201cPalermo citt\u00e0 Pop e Rock\u201d promosso dal Centro Europeo Toscolano (CET) fondato dal maestro&nbsp; Mogol e finanziato dal Comune di Palermo. &nbsp;24 giovani, accompagnati dai loro insegnanti di musica hanno partecipato ad un percorso formativo e ad uno stage residenziale effettuato presso il CET nell\u2019agosto del 2010. Concluso il progetto i giovani formati, accompagnati e sostenuti dal maestro Angelo Riggio ha prodotto diversi brani musicali ed un musical.<\/p>\n<p style=\"text-align: justify;\">L\u2019attivit\u00e0 musicale del Centro TAU \u00e8 stata aperta alla possibilit\u00e0 si incontro con un livello professionale ed esemplare del settore musicale realizzato grazie al coinvolgimento di esperti e professionisti che hanno offerto un <i>know how<\/i> di grande competenza.<\/p>\n<p style=\"text-align: justify;\">Da evidenziare:<\/p>\n<ul>\n<li style=\"text-align: justify;\">Il contributo del<strong>C.E.T<\/strong>. di Mogol con la presenza all\u2019interno del Centro TAU dello stesso maestro Mogol, del pianista e compositore i Giuseppe Barbera, dell\u2019autore di testi Giuseppe Anastasi, della cantante Arisa.<\/li>\n<li style=\"text-align: justify;\">La realizzazione all\u2019interno del Centro TAU del progetto <strong>Musicantegra <\/strong>promosso dall\u2019Associazione Culturale \u201cFormedonda\u201d e finalizzato a creare un\u2019Orchestra giovanile multietnica che ha visto l\u2019impegno dei maestri Mario Crispi e Giovanni Lo Cascio.<\/li>\n<li style=\"text-align: justify;\">la collaborazione con l\u2019iniziativa \u201cPalermo Rock 10 e lode\u201d promossa dall\u2019Associazione Lab Servizi&nbsp; in collaborazione con la SIAE, e nella quale i giovani del Centro TAU \u2013 ZiSoundLab hanno avuto ottimi piazzamenti (2\u00b0 posto edizione 2011, 1\u00b0 posto edizione 2012).<\/li>\n<\/ul>\n\n\t<div class=\"clearboth\"><\/div>\n<\/div>\n\n<\/div>\n<\/div>\n            <div class=\"clearboth\"><\/div>\n        <\/div>\n\n\n\t\t\t\n\t\t\t\n\t\t\t\n\t\t<div class=\"clearboth\"><\/div>\n\t<\/div>\n<\/div>\n<div class=\"vc_row-full-width vc_clearfix\"><\/div>\n\n\t\t\t\t\t\t\t\t<\/div>\n\t\t\t\t<\/div>\n\t\t\t\t\t<\/div>\n\t\t<\/div>\n\t\t\t\t\t<\/div>\n\t\t<\/section>\n\t\t\t\t<section class=\"elementor-section elementor-top-section elementor-element elementor-element-614857f elementor-section-boxed elementor-section-height-default elementor-section-height-default\" data-id=\"614857f\" data-element_type=\"section\">\n\t\t\t\t\t\t<div class=\"elementor-container elementor-column-gap-default\">\n\t\t\t\t\t<div class=\"elementor-column elementor-col-100 elementor-top-column elementor-element elementor-element-4c092bd\" data-id=\"4c092bd\" data-element_type=\"column\">\n\t\t\t<div class=\"elementor-widget-wrap elementor-element-populated\">\n\t\t\t\t\t\t<div class=\"elementor-element elementor-element-15012c7 elementor-widget elementor-widget-spacer\" data-id=\"15012c7\" data-element_type=\"widget\" data-widget_type=\"spacer.default\">\n\t\t\t\t<div class=\"elementor-widget-container\">\n\t\t\t\t\t\t\t<div class=\"elementor-spacer\">\n\t\t\t<div class=\"elementor-spacer-inner\"><\/div>\n\t\t<\/div>\n\t\t\t\t\t\t<\/div>\n\t\t\t\t<\/div>\n\t\t\t\t\t<\/div>\n\t\t<\/div>\n\t\t\t\t\t<\/div>\n\t\t<\/section>\n\t\t\t\t<section class=\"elementor-section elementor-top-section elementor-element elementor-element-b6ddbfd elementor-section-boxed elementor-section-height-default elementor-section-height-default\" data-id=\"b6ddbfd\" data-element_type=\"section\">\n\t\t\t\t\t\t<div class=\"elementor-container elementor-column-gap-default\">\n\t\t\t\t\t<div class=\"elementor-column elementor-col-100 elementor-top-column elementor-element elementor-element-5e36322\" data-id=\"5e36322\" data-element_type=\"column\">\n\t\t\t<div class=\"elementor-widget-wrap elementor-element-populated\">\n\t\t\t\t\t\t<div class=\"elementor-element elementor-element-c40c705 elementor-widget elementor-widget-heading\" data-id=\"c40c705\" data-element_type=\"widget\" data-widget_type=\"heading.default\">\n\t\t\t\t<div class=\"elementor-widget-container\">\n\t\t\t\t\t<h2 class=\"elementor-heading-title elementor-size-default\">best production<\/h2>\t\t\t\t<\/div>\n\t\t\t\t<\/div>\n\t\t\t\t\t<\/div>\n\t\t<\/div>\n\t\t\t\t\t<\/div>\n\t\t<\/section>\n\t\t\t\t<section class=\"elementor-section elementor-top-section elementor-element elementor-element-76129e5 elementor-section-boxed elementor-section-height-default elementor-section-height-default\" data-id=\"76129e5\" data-element_type=\"section\">\n\t\t\t\t\t\t<div class=\"elementor-container elementor-column-gap-default\">\n\t\t\t\t\t<div class=\"elementor-column elementor-col-50 elementor-top-column elementor-element elementor-element-c8828d5\" data-id=\"c8828d5\" data-element_type=\"column\">\n\t\t\t<div class=\"elementor-widget-wrap elementor-element-populated\">\n\t\t\t\t\t\t<div class=\"elementor-element elementor-element-823c6f7 elementor-widget elementor-widget-video\" data-id=\"823c6f7\" data-element_type=\"widget\" data-settings=\"{&quot;youtube_url&quot;:&quot;https:\\\/\\\/youtu.be\\\/e4-TiYwxafg&quot;,&quot;video_type&quot;:&quot;youtube&quot;,&quot;controls&quot;:&quot;yes&quot;}\" data-widget_type=\"video.default\">\n\t\t\t\t<div class=\"elementor-widget-container\">\n\t\t\t\t\t\t\t<div class=\"elementor-wrapper elementor-open-inline\">\n\t\t\t<div class=\"elementor-video\"><\/div>\t\t<\/div>\n\t\t\t\t\t\t<\/div>\n\t\t\t\t<\/div>\n\t\t\t\t\t<\/div>\n\t\t<\/div>\n\t\t\t\t<div class=\"elementor-column elementor-col-50 elementor-top-column elementor-element elementor-element-f8033a8\" data-id=\"f8033a8\" data-element_type=\"column\">\n\t\t\t<div class=\"elementor-widget-wrap elementor-element-populated\">\n\t\t\t\t\t\t<div class=\"elementor-element elementor-element-c628da3 elementor-widget elementor-widget-video\" data-id=\"c628da3\" data-element_type=\"widget\" data-settings=\"{&quot;youtube_url&quot;:&quot;https:\\\/\\\/youtu.be\\\/MZ_IQUElAuo&quot;,&quot;video_type&quot;:&quot;youtube&quot;,&quot;controls&quot;:&quot;yes&quot;}\" data-widget_type=\"video.default\">\n\t\t\t\t<div class=\"elementor-widget-container\">\n\t\t\t\t\t\t\t<div class=\"elementor-wrapper elementor-open-inline\">\n\t\t\t<div class=\"elementor-video\"><\/div>\t\t<\/div>\n\t\t\t\t\t\t<\/div>\n\t\t\t\t<\/div>\n\t\t\t\t\t<\/div>\n\t\t<\/div>\n\t\t\t\t\t<\/div>\n\t\t<\/section>\n\t\t\t\t<\/div>\n\t\t<\/div>","protected":false},"excerpt":{"rendered":"<p>[mk_page_section bg_image=&#8221;http:\/\/mediatau.it\/centrotau\/wp-content\/uploads\/sites\/2\/2015\/02\/SIOUND-LAB.jpg&#8221; bg_position=&#8221;center center&#8221; bg_repeat=&#8221;no-repeat&#8221; bg_stretch=&#8221;true&#8221; min_height=&#8221;300&#8243; padding_top=&#8221;0&#8243; top_shape_color=&#8221;#ffffff&#8221; bottom_shape_color=&#8221;#ffffff&#8221; sidebar=&#8221;sidebar-1&#8243;][vc_column css=&#8221;.vc_custom_1453198894163{margin-top: 0px !important;}&#8221;][\/vc_column][\/mk_page_section][mk_page_section][vc_column][mk_fancy_title color=&#8221;#f97352&#8243; size=&#8221;35&#8243; font_weight=&#8221;300&#8243; margin_top=&#8221;10&#8243; margin_bottom=&#8221;0&#8243; font_family=&#8221;none&#8221;]ZISOUND LAB[\/mk_fancy_title][\/vc_column][vc_column width=&#8221;1\/2&#8243;][vc_column_text] ZISoundLab \u00e8 un Processo&nbsp;di arteducazione musicale sviluppato, a partire dal 2010, dal Centro TAU \u2013 Officina di Promozione Socioculturale attivo da 27 anni nel Quartiere Zisa di Palermo. ZISoundLab ha come finalit\u00e0 &nbsp;quella [&hellip;]<\/p>\n","protected":false},"author":3,"featured_media":0,"parent":734,"menu_order":0,"comment_status":"open","ping_status":"open","template":"","meta":{"footnotes":""},"class_list":["post-1877","page","type-page","status-publish","hentry"],"_links":{"self":[{"href":"https:\/\/mediatau.it\/centrotau\/wp-json\/wp\/v2\/pages\/1877","targetHints":{"allow":["GET"]}}],"collection":[{"href":"https:\/\/mediatau.it\/centrotau\/wp-json\/wp\/v2\/pages"}],"about":[{"href":"https:\/\/mediatau.it\/centrotau\/wp-json\/wp\/v2\/types\/page"}],"author":[{"embeddable":true,"href":"https:\/\/mediatau.it\/centrotau\/wp-json\/wp\/v2\/users\/3"}],"replies":[{"embeddable":true,"href":"https:\/\/mediatau.it\/centrotau\/wp-json\/wp\/v2\/comments?post=1877"}],"version-history":[{"count":7,"href":"https:\/\/mediatau.it\/centrotau\/wp-json\/wp\/v2\/pages\/1877\/revisions"}],"predecessor-version":[{"id":6855,"href":"https:\/\/mediatau.it\/centrotau\/wp-json\/wp\/v2\/pages\/1877\/revisions\/6855"}],"up":[{"embeddable":true,"href":"https:\/\/mediatau.it\/centrotau\/wp-json\/wp\/v2\/pages\/734"}],"wp:attachment":[{"href":"https:\/\/mediatau.it\/centrotau\/wp-json\/wp\/v2\/media?parent=1877"}],"curies":[{"name":"wp","href":"https:\/\/api.w.org\/{rel}","templated":true}]}}