{"id":3800,"date":"2016-01-27T16:06:40","date_gmt":"2016-01-27T15:06:40","guid":{"rendered":"http:\/\/mediatau.it\/centrotau\/per-linfanzia-2\/"},"modified":"2016-02-16T17:07:24","modified_gmt":"2016-02-16T16:07:24","slug":"giovani-2","status":"publish","type":"page","link":"https:\/\/mediatau.it\/centrotau\/giovani-2\/","title":{"rendered":"GIOVANI"},"content":{"rendered":"[mk_page_section bg_image=&#8221;http:\/\/mediatau.it\/centrotau\/wp-content\/uploads\/sites\/2\/2016\/01\/banner_ambiti_giovani.jpg&#8221; bg_position=&#8221;center top&#8221; bg_repeat=&#8221;no-repeat&#8221; bg_stretch=&#8221;true&#8221; min_height=&#8221;550&#8243; padding_top=&#8221;0&#8243; top_shape_color=&#8221;#ffffff&#8221; bottom_shape_color=&#8221;#ffffff&#8221; sidebar=&#8221;sidebar-1&#8243;][vc_column css=&#8221;.vc_custom_1453198894163{margin-top: 0px !important;}&#8221;][\/vc_column][\/mk_page_section][mk_page_section][vc_column width=&#8221;2\/3&#8243;][mk_fancy_title color=&#8221;#f97352&#8243; size=&#8221;35&#8243; font_weight=&#8221;300&#8243; margin_top=&#8221;10&#8243; margin_bottom=&#8221;0&#8243; font_family=&#8221;none&#8221;]GIOVANI[\/mk_fancy_title][mk_divider style=&#8221;single_dotted&#8221; margin_top=&#8221;10&#8243; margin_bottom=&#8221;10&#8243;][vc_column_text]<span style=\"font-weight: 400;\">I ragazzi fino ai 27 anni possono frequentare il nostro centro e \u00a0trovare nuove professionalit\u00e0, sperimentare e sperimentarsi, scoprirsi musicisti, radioperatori, scoprirsi liberi di scegliere il proprio futuro e di autodeterminarsi. All\u2019interno del Centro sono state attivate otto officine diverse: cittadinanza, comunit\u00e0, immaginazione, movimento, armonia, animazione, creativit\u00e0 e conoscenza grazie alle quali i giovani guidati da esperti in ogni settore sono coinvolti in workshop, incontri e iniziative educative, culturali, di integrazione e di crescita sociale e civile. <\/span><\/p>\n<p class=\"p1\"><span style=\"font-weight: 400;\">Crescere vuol dire imparare la creativit\u00e0, rispettare la diversit\u00e0, esercitare la legalit\u00e0, comprendere il valore della libert\u00e0. <\/span><span style=\"font-weight: 400;\">il nostro compito principale nei confronti dei giovani \u00e8 quello di favorire esperienze e promuovere opportunit\u00e0.<\/span><\/p>\n[\/vc_column_text][\/vc_column][vc_column width=&#8221;1\/3&#8243;][mk_fancy_title color=&#8221;#f97352&#8243; size=&#8221;35&#8243; font_weight=&#8221;300&#8243; margin_top=&#8221;10&#8243; margin_bottom=&#8221;0&#8243; font_family=&#8221;none&#8221;]PROGETTI &amp; LINK[\/mk_fancy_title][mk_divider style=&#8221;single_dotted&#8221; margin_top=&#8221;10&#8243; margin_bottom=&#8221;10&#8243;][mk_button dimension=&#8221;flat&#8221; size=&#8221;large&#8221; url=&#8221;http:\/\/mediatau.it\/centrotau\/centrotau\/ &#8221; target=&#8221;_blank&#8221; align=&#8221;center&#8221; fullwidth=&#8221;true&#8221; bg_color=&#8221;#f97352&#8243; btn_hover_bg=&#8221;#37a899&#8243;]CENTRO TAU[\/mk_button][\/vc_column][\/mk_page_section]\n","protected":false},"excerpt":{"rendered":"<p>[mk_page_section bg_image=&#8221;http:\/\/mediatau.it\/centrotau\/wp-content\/uploads\/sites\/2\/2016\/01\/banner_ambiti_giovani.jpg&#8221; bg_position=&#8221;center top&#8221; bg_repeat=&#8221;no-repeat&#8221; bg_stretch=&#8221;true&#8221; min_height=&#8221;550&#8243; padding_top=&#8221;0&#8243; top_shape_color=&#8221;#ffffff&#8221; bottom_shape_color=&#8221;#ffffff&#8221; sidebar=&#8221;sidebar-1&#8243;][vc_column css=&#8221;.vc_custom_1453198894163{margin-top: 0px !important;}&#8221;][\/vc_column][\/mk_page_section][mk_page_section][vc_column width=&#8221;2\/3&#8243;][mk_fancy_title color=&#8221;#f97352&#8243; size=&#8221;35&#8243; font_weight=&#8221;300&#8243; margin_top=&#8221;10&#8243; margin_bottom=&#8221;0&#8243; font_family=&#8221;none&#8221;]GIOVANI[\/mk_fancy_title][mk_divider style=&#8221;single_dotted&#8221; margin_top=&#8221;10&#8243; margin_bottom=&#8221;10&#8243;][vc_column_text]I ragazzi fino ai 27 anni possono frequentare il nostro centro e \u00a0trovare nuove professionalit\u00e0, sperimentare e sperimentarsi, scoprirsi musicisti, radioperatori, scoprirsi liberi di scegliere il proprio futuro e di autodeterminarsi. All\u2019interno [&hellip;]<\/p>\n","protected":false},"author":6,"featured_media":0,"parent":0,"menu_order":0,"comment_status":"closed","ping_status":"closed","template":"","meta":{"footnotes":""},"class_list":["post-3800","page","type-page","status-publish","hentry"],"_links":{"self":[{"href":"https:\/\/mediatau.it\/centrotau\/wp-json\/wp\/v2\/pages\/3800","targetHints":{"allow":["GET"]}}],"collection":[{"href":"https:\/\/mediatau.it\/centrotau\/wp-json\/wp\/v2\/pages"}],"about":[{"href":"https:\/\/mediatau.it\/centrotau\/wp-json\/wp\/v2\/types\/page"}],"author":[{"embeddable":true,"href":"https:\/\/mediatau.it\/centrotau\/wp-json\/wp\/v2\/users\/6"}],"replies":[{"embeddable":true,"href":"https:\/\/mediatau.it\/centrotau\/wp-json\/wp\/v2\/comments?post=3800"}],"version-history":[{"count":7,"href":"https:\/\/mediatau.it\/centrotau\/wp-json\/wp\/v2\/pages\/3800\/revisions"}],"predecessor-version":[{"id":4222,"href":"https:\/\/mediatau.it\/centrotau\/wp-json\/wp\/v2\/pages\/3800\/revisions\/4222"}],"wp:attachment":[{"href":"https:\/\/mediatau.it\/centrotau\/wp-json\/wp\/v2\/media?parent=3800"}],"curies":[{"name":"wp","href":"https:\/\/api.w.org\/{rel}","templated":true}]}}