{"id":3803,"date":"2016-01-27T16:06:58","date_gmt":"2016-01-27T15:06:58","guid":{"rendered":"http:\/\/mediatau.it\/centrotau\/per-linfanzia-2-4\/"},"modified":"2016-02-16T17:16:41","modified_gmt":"2016-02-16T16:16:41","slug":"periferie-e-sviluppo","status":"publish","type":"page","link":"https:\/\/mediatau.it\/centrotau\/periferie-e-sviluppo\/","title":{"rendered":"PERIFERIE E SVILUPPO"},"content":{"rendered":"[mk_page_section bg_image=&#8221;http:\/\/mediatau.it\/centrotau\/wp-content\/uploads\/sites\/2\/2016\/01\/banner_ambiti_periferie.jpg&#8221; bg_position=&#8221;center top&#8221; bg_repeat=&#8221;no-repeat&#8221; bg_stretch=&#8221;true&#8221; min_height=&#8221;550&#8243; padding_top=&#8221;0&#8243; top_shape_color=&#8221;#ffffff&#8221; bottom_shape_color=&#8221;#ffffff&#8221; sidebar=&#8221;sidebar-1&#8243;][vc_column css=&#8221;.vc_custom_1453198894163{margin-top: 0px !important;}&#8221;][\/vc_column][\/mk_page_section][mk_page_section][vc_column width=&#8221;2\/3&#8243;][mk_fancy_title color=&#8221;#f97352&#8243; size=&#8221;35&#8243; font_weight=&#8221;300&#8243; margin_top=&#8221;10&#8243; margin_bottom=&#8221;0&#8243; font_family=&#8221;none&#8221;]PERIFERIE E SVILUPPO[\/mk_fancy_title][mk_divider style=&#8221;single_dotted&#8221; margin_top=&#8221;10&#8243; margin_bottom=&#8221;10&#8243;][vc_column_text]Il nostro obiettivo da pi\u00f9 di vent&#8217;anni \u00e8 quello di costruire una comunit\u00e0 educante, in periferie urbane come i quartieri Zisa e Noce. Grazie al Centro tau siamo riusciti a coinvolgere tanti giovani per costruire insieme a loro e per loro \u201cfuturi alternativi\u201d.<\/p>\n<p>Grazie al nostro impegno nessuno si sente escluso in un quartiere socialmente ed economicamente svantaggiato come quello della Zisa di Palermo. L\u2019educazione, la formazione, lo sviluppo della creativit\u00e0 sono mezzi potenti per attuare l\u2019inclusione sociale e creare sviluppo. Offriamo ai giovani del quartiere tutti i mezzi necessari sia strumentali (sala computer, mediateca, ludoteca, sala cinema e registrazione musicale ecc.) sia educativi grazie ai nostri formatori esperti e sia di sviluppo lavorativo grazie alle partnership con enti e istituzioni pubbliche e private.[\/vc_column_text][\/vc_column][vc_column width=&#8221;1\/3&#8243;][mk_fancy_title color=&#8221;#f97352&#8243; size=&#8221;35&#8243; font_weight=&#8221;300&#8243; margin_top=&#8221;10&#8243; margin_bottom=&#8221;0&#8243; font_family=&#8221;none&#8221;]PROGETTI &amp; LINK[\/mk_fancy_title][mk_divider style=&#8221;single_dotted&#8221; margin_top=&#8221;10&#8243; margin_bottom=&#8221;10&#8243;][mk_button dimension=&#8221;flat&#8221; size=&#8221;large&#8221; url=&#8221;http:\/\/mediatau.it\/centrotau\/centro-tau\/&#8221; target=&#8221;_blank&#8221; align=&#8221;center&#8221; fullwidth=&#8221;true&#8221; bg_color=&#8221;#f97352&#8243; btn_hover_bg=&#8221;#37a899&#8243;]CENTRO TAU[\/mk_button][\/vc_column][\/mk_page_section]\n","protected":false},"excerpt":{"rendered":"<p>[mk_page_section bg_image=&#8221;http:\/\/mediatau.it\/centrotau\/wp-content\/uploads\/sites\/2\/2016\/01\/banner_ambiti_periferie.jpg&#8221; bg_position=&#8221;center top&#8221; bg_repeat=&#8221;no-repeat&#8221; bg_stretch=&#8221;true&#8221; min_height=&#8221;550&#8243; padding_top=&#8221;0&#8243; top_shape_color=&#8221;#ffffff&#8221; bottom_shape_color=&#8221;#ffffff&#8221; sidebar=&#8221;sidebar-1&#8243;][vc_column css=&#8221;.vc_custom_1453198894163{margin-top: 0px !important;}&#8221;][\/vc_column][\/mk_page_section][mk_page_section][vc_column width=&#8221;2\/3&#8243;][mk_fancy_title color=&#8221;#f97352&#8243; size=&#8221;35&#8243; font_weight=&#8221;300&#8243; margin_top=&#8221;10&#8243; margin_bottom=&#8221;0&#8243; font_family=&#8221;none&#8221;]PERIFERIE E SVILUPPO[\/mk_fancy_title][mk_divider style=&#8221;single_dotted&#8221; margin_top=&#8221;10&#8243; margin_bottom=&#8221;10&#8243;][vc_column_text]Il nostro obiettivo da pi\u00f9 di vent&#8217;anni \u00e8 quello di costruire una comunit\u00e0 educante, in periferie urbane come i quartieri Zisa e Noce. Grazie al Centro tau siamo riusciti a [&hellip;]<\/p>\n","protected":false},"author":6,"featured_media":0,"parent":0,"menu_order":0,"comment_status":"closed","ping_status":"closed","template":"","meta":{"footnotes":""},"class_list":["post-3803","page","type-page","status-publish","hentry"],"_links":{"self":[{"href":"https:\/\/mediatau.it\/centrotau\/wp-json\/wp\/v2\/pages\/3803","targetHints":{"allow":["GET"]}}],"collection":[{"href":"https:\/\/mediatau.it\/centrotau\/wp-json\/wp\/v2\/pages"}],"about":[{"href":"https:\/\/mediatau.it\/centrotau\/wp-json\/wp\/v2\/types\/page"}],"author":[{"embeddable":true,"href":"https:\/\/mediatau.it\/centrotau\/wp-json\/wp\/v2\/users\/6"}],"replies":[{"embeddable":true,"href":"https:\/\/mediatau.it\/centrotau\/wp-json\/wp\/v2\/comments?post=3803"}],"version-history":[{"count":8,"href":"https:\/\/mediatau.it\/centrotau\/wp-json\/wp\/v2\/pages\/3803\/revisions"}],"predecessor-version":[{"id":4234,"href":"https:\/\/mediatau.it\/centrotau\/wp-json\/wp\/v2\/pages\/3803\/revisions\/4234"}],"wp:attachment":[{"href":"https:\/\/mediatau.it\/centrotau\/wp-json\/wp\/v2\/media?parent=3803"}],"curies":[{"name":"wp","href":"https:\/\/api.w.org\/{rel}","templated":true}]}}