{"id":4677,"date":"2016-11-02T15:54:16","date_gmt":"2016-11-02T14:54:16","guid":{"rendered":"http:\/\/mediatau.it\/centrotau\/?page_id=4677"},"modified":"2016-11-02T15:54:16","modified_gmt":"2016-11-02T14:54:16","slug":"laboratorio-di-fotografia-2-e-post-produzione","status":"publish","type":"page","link":"https:\/\/mediatau.it\/centrotau\/laboratorio-di-fotografia-2-e-post-produzione\/","title":{"rendered":"Laboratorio di Fotografia 2 e Post-produzione"},"content":{"rendered":"<p><a href=\"http:\/\/mediatau.it\/centrotau\/wp-content\/uploads\/sites\/2\/2016\/11\/foto.png\" rel=\"attachment wp-att-4680\"><img fetchpriority=\"high\" decoding=\"async\" class=\"aligncenter wp-image-4680 \" src=\"http:\/\/mediatau.it\/centrotau\/wp-content\/uploads\/sites\/2\/2016\/11\/foto-1024x723.png\" alt=\"foto\" width=\"671\" height=\"474\" srcset=\"https:\/\/mediatau.it\/centrotau\/wp-content\/uploads\/sites\/2\/2016\/11\/foto-1024x723.png 1024w, https:\/\/mediatau.it\/centrotau\/wp-content\/uploads\/sites\/2\/2016\/11\/foto-300x212.png 300w, https:\/\/mediatau.it\/centrotau\/wp-content\/uploads\/sites\/2\/2016\/11\/foto-768x542.png 768w, https:\/\/mediatau.it\/centrotau\/wp-content\/uploads\/sites\/2\/2016\/11\/foto-330x233.png 330w, https:\/\/mediatau.it\/centrotau\/wp-content\/uploads\/sites\/2\/2016\/11\/foto-400x282.png 400w, https:\/\/mediatau.it\/centrotau\/wp-content\/uploads\/sites\/2\/2016\/11\/foto-800x565.png 800w, https:\/\/mediatau.it\/centrotau\/wp-content\/uploads\/sites\/2\/2016\/11\/foto.png 1642w\" sizes=\"(max-width: 671px) 100vw, 671px\" \/><\/a><\/p>\n<p style=\"text-align: justify;\">Al via le iscrizioni per il &#8220;LABORATORIO DI FOTOGRAFIA 2 E POST-PRODUZIONE&#8221; rivolto ai ragazzi di et\u00e0 compresa tra i 14 e i 25 anni. L&#8217;inizio del corso \u00e8 previsto per luned\u00ec 7 novembre 2016.<\/p>\n<p style=\"text-align: justify;\">\nCOMPILA IL FORM NEL LINK QUI DI SEGUITO&#8211;<\/p>\n<p><a href=\"https:\/\/docs.google.com\/forms\/d\/1xBoLlP242--Y5bmJX_h4aMcpCLim1KssVjWnocFw4Wk\/edit?usp=sharing\">https:\/\/docs.google.com\/forms\/d\/1xBoLlP242&#8211;Y5bmJX_h4aMcpCLim1KssVjWnocFw4Wk\/edit?usp=sharing<\/a><\/p>\n","protected":false},"excerpt":{"rendered":"<p>Al via le iscrizioni per il &#8220;LABORATORIO DI FOTOGRAFIA 2 E POST-PRODUZIONE&#8221; rivolto ai ragazzi di et\u00e0 compresa tra i 14 e i 25 anni. L&#8217;inizio del corso \u00e8 previsto per luned\u00ec 7 novembre 2016. COMPILA IL FORM NEL LINK QUI DI SEGUITO&#8211; https:\/\/docs.google.com\/forms\/d\/1xBoLlP242&#8211;Y5bmJX_h4aMcpCLim1KssVjWnocFw4Wk\/edit?usp=sharing<\/p>\n","protected":false},"author":3,"featured_media":0,"parent":0,"menu_order":0,"comment_status":"closed","ping_status":"closed","template":"","meta":{"footnotes":""},"class_list":["post-4677","page","type-page","status-publish","hentry"],"_links":{"self":[{"href":"https:\/\/mediatau.it\/centrotau\/wp-json\/wp\/v2\/pages\/4677","targetHints":{"allow":["GET"]}}],"collection":[{"href":"https:\/\/mediatau.it\/centrotau\/wp-json\/wp\/v2\/pages"}],"about":[{"href":"https:\/\/mediatau.it\/centrotau\/wp-json\/wp\/v2\/types\/page"}],"author":[{"embeddable":true,"href":"https:\/\/mediatau.it\/centrotau\/wp-json\/wp\/v2\/users\/3"}],"replies":[{"embeddable":true,"href":"https:\/\/mediatau.it\/centrotau\/wp-json\/wp\/v2\/comments?post=4677"}],"version-history":[{"count":3,"href":"https:\/\/mediatau.it\/centrotau\/wp-json\/wp\/v2\/pages\/4677\/revisions"}],"predecessor-version":[{"id":4681,"href":"https:\/\/mediatau.it\/centrotau\/wp-json\/wp\/v2\/pages\/4677\/revisions\/4681"}],"wp:attachment":[{"href":"https:\/\/mediatau.it\/centrotau\/wp-json\/wp\/v2\/media?parent=4677"}],"curies":[{"name":"wp","href":"https:\/\/api.w.org\/{rel}","templated":true}]}}