{"id":163,"date":"2013-06-05T17:37:50","date_gmt":"2013-06-05T15:37:50","guid":{"rendered":"http:\/\/mediatau.it\/inventareinsieme\/?page_id=163"},"modified":"2024-10-22T18:33:13","modified_gmt":"2024-10-22T16:33:13","slug":"infanzia","status":"publish","type":"page","link":"https:\/\/mediatau.it\/inventareinsieme\/infanzia\/","title":{"rendered":"Educazione"},"content":{"rendered":"<p class=\"p1\" style=\"text-align: justify;\">I bambini devono prima di tutto giocare e imparare in un ambiente accogliente e ricco di stimoli positivi per crescere. Insegniamo la lealt\u00e0 nei confronti del prossimo, l\u2019importanza della creativit\u00e0, i valori della non-violenza, il rispetto dell\u2019ambiente, la necessit\u00e0 della cultura.<\/p>\n<p style=\"text-align: justify;\">Da tanti anni ci occupiamo di progetti educativi integrati con la scuola, il punto primario di aggregazione dei bambini, il luogo della loro crescita culturale e sociale. Un bambino felice sar\u00e0 un adulto pi\u00f9 produttivo e un cittadino pi\u00f9 consapevole. Per questo esercitiamo la creativit\u00e0 per migliorare la capacit\u00e0 di apprendimento grazie alla ludoteca e alla mediateca e ai nostri laboratori di musica, disegno, informatica.Operiamo nel quartiere Zisa, in una zona di Palermo a rischio sociale perch\u00e8 abitata da ceti svantaggiati economicamente.<\/p>\n<p style=\"text-align: justify;\">Con la nostra attivit\u00e0 favoriamo il recupero scolastico, limitiamo il fenomeno della dispersione scolastica e diffondiamo i valori della legalit\u00e0.<\/p>\n<p style=\"text-align: justify;\">IL Centro TAU \u00e8 uno dei &#8220;Punti Luce&#8221; della rete promossa da Save The Children Italia.<\/p>\n<p style=\"text-align: justify;\">\n","protected":false},"excerpt":{"rendered":"<p>I bambini devono prima di tutto giocare e imparare in un ambiente accogliente e ricco di stimoli positivi per crescere. Insegniamo la lealt\u00e0 nei confronti del prossimo, l\u2019importanza della creativit\u00e0, i valori della non-violenza, il rispetto dell\u2019ambiente, la necessit\u00e0 della cultura. Da tanti anni ci occupiamo di progetti educativi integrati con la scuola, il punto<\/p>\n","protected":false},"author":3,"featured_media":0,"parent":0,"menu_order":0,"comment_status":"closed","ping_status":"open","template":"","meta":{"footnotes":""},"class_list":["post-163","page","type-page","status-publish","hentry"],"_links":{"self":[{"href":"https:\/\/mediatau.it\/inventareinsieme\/wp-json\/wp\/v2\/pages\/163","targetHints":{"allow":["GET"]}}],"collection":[{"href":"https:\/\/mediatau.it\/inventareinsieme\/wp-json\/wp\/v2\/pages"}],"about":[{"href":"https:\/\/mediatau.it\/inventareinsieme\/wp-json\/wp\/v2\/types\/page"}],"author":[{"embeddable":true,"href":"https:\/\/mediatau.it\/inventareinsieme\/wp-json\/wp\/v2\/users\/3"}],"replies":[{"embeddable":true,"href":"https:\/\/mediatau.it\/inventareinsieme\/wp-json\/wp\/v2\/comments?post=163"}],"version-history":[{"count":7,"href":"https:\/\/mediatau.it\/inventareinsieme\/wp-json\/wp\/v2\/pages\/163\/revisions"}],"predecessor-version":[{"id":3197,"href":"https:\/\/mediatau.it\/inventareinsieme\/wp-json\/wp\/v2\/pages\/163\/revisions\/3197"}],"wp:attachment":[{"href":"https:\/\/mediatau.it\/inventareinsieme\/wp-json\/wp\/v2\/media?parent=163"}],"curies":[{"name":"wp","href":"https:\/\/api.w.org\/{rel}","templated":true}]}}