{"id":171,"date":"2013-06-05T17:41:16","date_gmt":"2013-06-05T15:41:16","guid":{"rendered":"http:\/\/mediatau.it\/inventareinsieme\/?page_id=171"},"modified":"2024-10-22T18:09:20","modified_gmt":"2024-10-22T16:09:20","slug":"inclusione-socio-lavorativa","status":"publish","type":"page","link":"https:\/\/mediatau.it\/inventareinsieme\/inclusione-socio-lavorativa\/","title":{"rendered":"Servizi per il Lavoro &#8211; APL"},"content":{"rendered":"<div id=\"text-block-6\" class=\"mk-text-block   \">\n<p style=\"text-align: justify;\">Favoriamo lo sviluppo di competenze professionali soprattutto fra i giovani che hanno abbandonato gli studi e per le fasce sociali pi\u00f9 svantaggiate ( minori a rischio, detenuti ed ex detenuti, tossicodipendenti, disabili e donne che hanno subito violenza, immigrati).<\/p>\n<p style=\"text-align: justify;\">Ci impegniamo in progetti che favoriscono l\u2019auto-imprenditorialit\u00e0 per creare sviluppo in una zona della citt\u00e0 socialmente svantaggiata. Le nostre armi sono la cultura della legalit\u00e0 e l\u2019esercizio della\u00a0della creativit\u00e0 grazie all\u2019impiego di strumenti innovativi per la creazione di una rete territoriale.<\/p>\n<div class=\"clearboth\" style=\"text-align: justify;\"><\/div>\n<\/div>\n<div id=\"text-block-7\" class=\"mk-text-block   \">\n<p style=\"text-align: justify;\">L\u2019<strong>Associazione Inventare Insieme onlus<\/strong>\u00a0\u00e8 un ente accreditato ai Servizi per il lavoro della Regione Sicilia.<\/p>\n<p style=\"text-align: justify;\">Accreditamento ai Servizi per il lavoro con DDG n. 1279\/2015 del 27\/03\/2015, codice intermediario G273S015392.<\/p>\n<p style=\"text-align: justify;\">La Regione Siciliana in armonia con quanto previsto dalla normativa nazionale e dalla legislazione regionale, definisce un repertorio di standard minimi dei servizi regionali per il lavoro, rivolti alle persone e ai datori di lavoro, al fine di garantire i livelli essenziali delle prestazioni ed in coerenza con le linee guida che disciplinano l\u2019accreditamento, approvate dalla Giunta Regionale con deliberazione n. 80 del 20 marzo 2015.<\/p>\n<p style=\"text-align: justify;\">Il repertorio si prefigge i seguenti obiettivi:<br \/>\n\u2013 Individuare gli standard minimi comuni alla rete dei soggetti pubblici e privati accreditati per l\u2019erogazione dei servizi per il lavoro;<br \/>\n\u2013 Garantire l\u2019erogazione di interventi di politica attiva efficaci e misurabili in termini di risultato;<br \/>\n\u2013 Facilitare l\u2019attivit\u00e0 di monitoraggio e valutazione dell\u2019andamento dei programmi di intervento.<\/p>\n<p style=\"text-align: justify;\">Tipologia A Servizi alle persone:<br \/>\nA.1 Informazione;<br \/>\nA.2 Accoglienza \u2013 primo filtro e\/o presa in carico della persona;<br \/>\nA.3 Orientamento professionale;<br \/>\nA.4 Consulenza orientativa;<br \/>\nA.5 Accompagnamento al lavoro;<br \/>\nA.6 Incontro domanda\/offerta di lavoro.<\/p>\n<\/div>\n","protected":false},"excerpt":{"rendered":"<p>Favoriamo lo sviluppo di competenze professionali soprattutto fra i giovani che hanno abbandonato gli studi e per le fasce sociali pi\u00f9 svantaggiate ( minori a rischio, detenuti ed ex detenuti, tossicodipendenti, disabili e donne che hanno subito violenza, immigrati). Ci impegniamo in progetti che favoriscono l\u2019auto-imprenditorialit\u00e0 per creare sviluppo in una zona della citt\u00e0 socialmente<\/p>\n","protected":false},"author":3,"featured_media":0,"parent":0,"menu_order":0,"comment_status":"closed","ping_status":"open","template":"","meta":{"footnotes":""},"class_list":["post-171","page","type-page","status-publish","hentry"],"_links":{"self":[{"href":"https:\/\/mediatau.it\/inventareinsieme\/wp-json\/wp\/v2\/pages\/171","targetHints":{"allow":["GET"]}}],"collection":[{"href":"https:\/\/mediatau.it\/inventareinsieme\/wp-json\/wp\/v2\/pages"}],"about":[{"href":"https:\/\/mediatau.it\/inventareinsieme\/wp-json\/wp\/v2\/types\/page"}],"author":[{"embeddable":true,"href":"https:\/\/mediatau.it\/inventareinsieme\/wp-json\/wp\/v2\/users\/3"}],"replies":[{"embeddable":true,"href":"https:\/\/mediatau.it\/inventareinsieme\/wp-json\/wp\/v2\/comments?post=171"}],"version-history":[{"count":5,"href":"https:\/\/mediatau.it\/inventareinsieme\/wp-json\/wp\/v2\/pages\/171\/revisions"}],"predecessor-version":[{"id":3177,"href":"https:\/\/mediatau.it\/inventareinsieme\/wp-json\/wp\/v2\/pages\/171\/revisions\/3177"}],"wp:attachment":[{"href":"https:\/\/mediatau.it\/inventareinsieme\/wp-json\/wp\/v2\/media?parent=171"}],"curies":[{"name":"wp","href":"https:\/\/api.w.org\/{rel}","templated":true}]}}