{"id":1725,"date":"2018-06-30T12:13:08","date_gmt":"2018-06-30T10:13:08","guid":{"rendered":"http:\/\/mediatau.it\/inventareinsieme\/?page_id=1725"},"modified":"2019-07-08T18:51:04","modified_gmt":"2019-07-08T16:51:04","slug":"1725-2","status":"publish","type":"page","link":"https:\/\/mediatau.it\/inventareinsieme\/1725-2\/","title":{"rendered":"Servizio civile 2018"},"content":{"rendered":"<h4><a href=\"http:\/\/mediatau.it\/inventareinsieme\/wp-content\/uploads\/sites\/3\/2018\/06\/serv-civ-in-in.png\" rel=\"attachment wp-att-1726\"><img fetchpriority=\"high\" decoding=\"async\" class=\"aligncenter wp-image-1726\" src=\"http:\/\/mediatau.it\/inventareinsieme\/wp-content\/uploads\/sites\/3\/2018\/06\/serv-civ-in-in-1024x811.png\" alt=\"serv-civ-in-in\" width=\"728\" height=\"577\" srcset=\"https:\/\/mediatau.it\/inventareinsieme\/wp-content\/uploads\/sites\/3\/2018\/06\/serv-civ-in-in-1024x811.png 1024w, https:\/\/mediatau.it\/inventareinsieme\/wp-content\/uploads\/sites\/3\/2018\/06\/serv-civ-in-in-768x608.png 768w, https:\/\/mediatau.it\/inventareinsieme\/wp-content\/uploads\/sites\/3\/2018\/06\/serv-civ-in-in-236x187.png 236w, https:\/\/mediatau.it\/inventareinsieme\/wp-content\/uploads\/sites\/3\/2018\/06\/serv-civ-in-in-1170x926.png 1170w\" sizes=\"(max-width: 728px) 100vw, 728px\" \/><\/a><\/h4>\n<h4><span style=\"color: #ffffff;\">.<\/span><\/h4>\n<h4><b>Bando Servizio Civile Nazionale 2018 con\u00a0Inventare Insieme (onlus) &#8220;Garanzia Giovani al Centro TAU&#8221;<\/b><\/h4>\n<p style=\"text-align: justify;\">Il\u202f\u00a0<b>Dipartimento della Giovent\u00f9 e del Servizio Civile<\/b>\u202f ha pubblicato il <span style=\"color: #00ccff;\">\u202f<\/span><span style=\"color: #800080;\"><span style=\"color: #00ccff;\"><a style=\"color: #00ccff;\" href=\"http:\/\/www.serviziocivile.gov.it\/menusx\/bandi\/selezione-volontari\/2018_ggbandovolseiregioni.aspx\" target=\"_blank\"><b>Ba<\/b><b>n<\/b><b>do \u202fServizio Civile Nazionale con i Salesiani Regione Sicilia<\/b><\/a><\/span>\u202f\u00a0<\/span>per la selezione di\u202f\u00a0<b>1.153<\/b><b>\u00a0volontari<\/b>\u202fda avviare\u00a0al servizio nell\u2019anno 2018 nei progetti di servizio civile nazionale per l\u2019attuazione del Programma Operativo Nazionale \u201cIniziativa Occupazione Giovani\u201d &#8211; PON IOG \u2013di cui all\u2019Allegato 1, approvati dal Dipartimento. I giovani devono essere iscritti al Programma \u201cGaranzia Giovani\u201d, aver sottoscritto il Patto di servizio ed essere stati \u201cpresi in carico\u201d dal Centro per l\u2019impiego (di seguito CPI) e\/o Servizio competente.<\/p>\n<p style=\"text-align: justify;\">Tra i progetti approvati quello dell&#8217;Associazione Inventare Insieme 8onlus9 \u201cGaranzia Giovani al Centro Tau\u201d per 8 posti.<\/p>\n<p style=\"text-align: justify;\"><strong>La domanda di partecipazione, che deve essere presentata previa iscrizione al Programma Garanzia Giovani, firma del Patto di Servizio e \u201cpresa in carico\u201d da parte del CPI e\/o Servizio competente, deve essere indirizzata direttamente all\u2019ente che realizza il progetto prescelto e deve pervenite allo stesso entro e non oltre le<\/strong>\u00a0<strong>ore 14.00 del 20 luglio 2018<\/strong>. Le domande pervenute oltre il termine stabilito non saranno prese in considerazione.<\/p>\n<p><b>Hai tra i 18 e i 29 anni (non ancora compiuti il giorno in cui presenti la domanda)?\u00a0<\/b><\/p>\n<p><b>V<\/b><b>uoi dedicare un anno della tua vita a<\/b><b>i bambini ed ai ragazzi del quartiere Zisa e\u00a0Noce di Palermo ed alla costruzione di una societ\u00e0<\/b><b>\u00a0migliore?\u00a0<\/b><\/p>\n<p><b>Vuoi crescere professionalmente, personalmente e intellettualmente?\u00a0<\/b><\/p>\n<p><b>Ecco allora ci\u00f2 che fa per te: il\u00a0<\/b><b>Servizio Civile<\/b>!<\/p>\n<p><b><i>PERCHE\u2019<\/i><\/b><\/p>\n<p><b>Per fare un\u2019esperienza significativa di crescita e maturazione personale e professionale\u00a0<\/b>nel settore dell\u2019assistenza, avendo come destinatari privilegiati i bambini, i ragazzi ed i giovani che vivono nei quartieri Zisa e Noce.<\/p>\n<p><b>Un anno di\u00a0<\/b><b>Servizio Civile\u00a0<\/b><b>svolto potr\u00e0 consentire di acquisire competenze e conoscenze spendibili nel mondo del lavoro,\u00a0<\/b>specialmente se desideri lavorare nel settore sociale e dei servizi educativi per l\u2019infanzia. Le molteplici attivit\u00e0 previste nel progetto, infatti, riguardano ambiti sociali, educativi, culturali, artistici formativi, informativi, legati anche alla comunicazione e alle nuove tecnologie.<\/p>\n<p><b><i>REQUISITI<\/i><\/b><\/p>\n<p style=\"text-align: justify;\">Ad eccezione degli appartenenti ai corpi militari o alle forze di polizia, possono partecipare alla selezione i giovani, senza distinzione di sesso che, alla data di presentazione della domanda, abbiano compiuto il diciottesimo e non superato il ventottesimo anno di et\u00e0, in possesso dei seguenti requisiti:<\/p>\n<p style=\"text-align: justify;\"><strong>a)<\/strong>\u00a0essere cittadini italiani;<\/p>\n<p style=\"text-align: justify;\"><strong>b)<\/strong>\u00a0essere cittadini degli altri Paesi dell\u2019Unione europea regolarmente residenti in Italia;<\/p>\n<p style=\"text-align: justify;\"><strong>c)<\/strong>\u00a0essere cittadini non comunitari regolarmente soggiornanti in Italia;<\/p>\n<p style=\"text-align: justify;\"><strong>d)<\/strong>\u00a0essere iscritti al Programma \u201cGaranzia Giovani\u201d (da effettuarsi sul sito internet www.garanziagiovani.gov.it), aver firmato il Patto di Servizio ed essere stati \u201cpresi in carico\u201d dal CPI e\/o Servizio competente;<\/p>\n<p style=\"text-align: justify;\"><strong>e)<\/strong>\u00a0non aver riportato condanna, anche non definitiva, alla pena della reclusione superiore ad un anno per delitto non colposo, ovvero ad una pena della reclusione anche di entit\u00e0 inferiore per un delitto contro la persona o concernente detenzione, uso, porto, trasporto, importazione o esportazione illecita di armi o materie esplodenti, ovvero per delitti riguardanti l\u2019appartenenza o il favoreggiamento a gruppi eversivi, terroristici, o di criminalit\u00e0 organizzata;<\/p>\n<p style=\"text-align: justify;\"><strong>f)<\/strong>\u00a0essere disoccupati ai sensi dell\u2019articolo 19 del decreto legislativo 150\/2015 del 14 settembre 2015 e successive modifiche e integrazioni;<\/p>\n<p style=\"text-align: justify;\"><strong>h)<\/strong>\u00a0non frequentare un regolare corso di studi (secondari superiori, terziari non universitari o universitari);<\/p>\n<p style=\"text-align: justify;\"><strong>i)<\/strong>\u00a0non essere inseriti in alcun corso di formazione, compresi quelli di aggiornamento per l\u2019esercizio della professione o per il mantenimento dell\u2019iscrizione ad un Albo o Ordine professionale;<\/p>\n<p style=\"text-align: justify;\"><strong>l)<\/strong>\u00a0non essere inseriti in percorsi di tirocinio curriculare e\/o extracurriculare, in quanto misura formativa.<\/p>\n<p style=\"text-align: justify;\">I requisiti di partecipazione richiesti dalla Garanzia Giovani devono essere posseduti all\u2019avvio del percorso in \u201cGaranzia Giovani\u201d (inteso come momento procedurale che si apre con l\u2019adesione sui portali e si chiude con la presa in carico da parte di un CPI, e con la sottoscrizione del Patto di Servizio), e all\u2019inizio della misura del servizio civile nazionale. I requisiti di cui alle precedenti lettere a), b), c) ed e) devono essere mantenuti sino al termine del servizio.<\/p>\n<p><b>Non possono presentare domanda<\/b>\u202fi giovani che:<\/p>\n<p style=\"text-align: justify;\"><strong>a)<\/strong>\u00a0abbiano gi\u00e0 prestato servizio civile nazionale per l\u2019attuazione del Programma Garanzia Giovani; oppure abbiano interrotto il predetto servizio prima della scadenza prevista, o che alla data di presentazione della domanda siano impegnati nella realizzazione di progetti di servizio civile nazionale per l\u2019attuazione del programma europeo Garanzia Giovani;<\/p>\n<p style=\"text-align: justify;\"><strong>b)<\/strong>\u00a0abbiano in corso con l\u2019ente che realizza il progetto rapporti di lavoro o di collaborazione retribuita a qualunque titolo, ovvero che abbiano avuto tali rapporti nell\u2019anno precedente di durata superiore a tre mesi.<\/p>\n<p style=\"text-align: justify;\">Non costituisce causa ostativa alla presentazione della domanda di servizio civile nazionale per la partecipazione al Programma Garanzia Giovani l\u2019aver gi\u00e0 svolto il servizio civile nazionale ai sensi della legge n. 64 del 2001, oppure nell\u2019ambito del progetto sperimentale europeo IVO4ALL e nei progetti dei Corpi Civili di Pace o aver interrotto il servizio civile nazionale svolto nell\u2019ambito della Garanzia Giovani per motivi non imputabili ai volontari.<\/p>\n<p><b><i>COME\u00a0<\/i><\/b><b><i>PRESENTARE LA DOMANDA<\/i><\/b><\/p>\n<p>La domanda per partecipare ai progetti di Servizio Civile Nazionale potr\u00e0 essere presentata entro la data riportata nei bandi stessi:\u202f\u00a0<strong>20 luglio 2018<\/strong>\u00a0<b>ore 14:00<\/b><b>\u202f<\/b>(non fa fede il timbro postale).<\/p>\n<p>Le domande possono essere presentate esclusivamente secondo le seguenti modalit\u00e0:<\/p>\n<p>1) con Posta Elettronica Certificata (PEC) all\u2019indirizzo\u00a0<span style=\"color: #00ccff;\"><strong><a style=\"color: #00ccff;\" href=\"mailto:inventareinsieme@pec.mediatau.it\" target=\"_blank\">inventareinsieme@pec.mediatau.it<\/a><\/strong><\/span>, avendo cura di allegare tutta la documentazione richiesta in formato pdf;<\/p>\n<p>2) a mezzo \u201craccomandata A\/R\u201d avendo cura di allegare tutta la documentazione richiesta;<\/p>\n<p>3) consegnate a mano presso la sede della <b><span style=\"color: #00ccff;\">Associazione Inventare Insieme (onlus)<\/span><\/b>, Via Cipressi, 9, 90134 Palermo. Tel: 0916526394,\u00a0<span style=\"color: #00ccff;\"><a style=\"color: #00ccff;\" href=\"mailto:inventareinsieme@mediatau.it\">inventareinsieme@mediatau.it<\/a><\/span><\/p>\n<p>La sede \u00e8 aperta dal luned\u00ec al venerd\u00ec, dalle ore 9 alle 13 e dalle 15 alle 18. Sul sito<span style=\"color: #00ccff;\">\u00a0<\/span><a href=\"http:\/\/mediatau.it\/inventareinsieme\" target=\"_blank\"><span style=\"color: #00ccff;\"><b>www<\/b><b>.inventareinsieme.<\/b><\/span><b><span style=\"color: #800080;\"><span style=\"color: #00ccff;\">it<\/span>\u00a0<\/span>\u00a0<\/b><\/a>trovi il progetto, il bando e quanto occorre per presentare la domanda.<\/p>\n<p>I documenti necessari\u202fda consegnare alla presentazione della domanda sono:<\/p>\n<p>\u2022 Domanda di ammissione \u2013<span style=\"color: #00ccff;\"><strong><a style=\"color: #00ccff;\" href=\"http:\/\/mediatau.it\/alazis\/wp-content\/uploads\/sites\/15\/2018\/06\/allegato-2.pdf\" target=\"_blank\" rel=\"\">Allegato-2-Domanda-di-ammissione\u00a0<\/a><\/strong><\/span><\/p>\n<p>\u2022 Dichiarazione dei titoli \u2013\u202f<span style=\"color: #00ccff;\"><strong><a style=\"color: #00ccff;\" href=\"http:\/\/mediatau.it\/alazis\/wp-content\/uploads\/sites\/15\/2018\/06\/allegato-3.pdf\" target=\"_blank\" rel=\"\">Allegato-3-Dichiarazione-Titoli<\/a><\/strong><\/span><\/p>\n<p>\u2022 Documento di identit\u00e0 valido<\/p>\n<p>\u2022\u00a0Copia del Patto di servizio, esclusivamente relativo alla misura Garanzia Giovani, sottoscritto dall\u2019interessato e da altra documentazione attestante la presa in carico da parte del il CPI e\/o Servizio competente.<\/p>\n<p>\u2022 Curriculum Vitae firmato<\/p>\n<p><b><i>RICORDA CHE<\/i><\/b><\/p>\n<ul>\n<li style=\"text-align: justify;\">Puoi presentare\u202funa sola domanda di Servizio Civile\u202fper un unico progetto, pena l\u2019esclusione dal Servizio Civile.<\/li>\n<li style=\"text-align: justify;\">I documenti richiesti devono essere\u202fcompilati in ogni parte, firmati e presentati all\u2019organizzazione presso la quale si realizza il progetto (troverai i riferimenti all\u2019interno di ogni singola scheda progetto).<\/li>\n<li style=\"text-align: justify;\">Devi\u202fallegare il\u202fdocumento d\u2019identit\u00e0 valido e il Curriculum Vitae. Le informazioni presenti nel Curriculum Vitae, per essere valutate, devono essere riportate nell\u2019<b>Allegato 3<\/b>.<\/li>\n<li style=\"text-align: justify;\">Puoi consultare\u00a0qui i nostri Criteri di Selezione\u202f\u00a0<a href=\"http:\/\/mediatau.it\/alazis\/wp-content\/uploads\/sites\/15\/2016\/06\/CRITERI-DI-SELEZIONE-VOLONTARI-SC.pdf\" rel=\"\">:\u00a0<\/a><a href=\"https:\/\/www.salesianiperilsociale.it\/wp-content\/uploads\/2015\/11\/Criteri_selezione_Servizio_Civile.pdf\" target=\"_blank\"><span style=\"color: #00ccff;\"><strong>CRITERI DI SELEZIONE VOLONTARI SERVIZIO CIVILE<\/strong><\/span><\/a><\/li>\n<\/ul>\n<p><a href=\"https:\/\/www.salesianiperilsociale.it\/wp-content\/uploads\/2015\/11\/Criteri_selezione_Servizio_Civile.pdf\" target=\"_blank\"><span style=\"color: #00ccff;\"><b><i>DOMANDE E SCADENZE<\/i><\/b><\/span><\/a><\/p>\n<p>La domanda per partecipare ai progetti di Servizio Civile Nazionale potr\u00e0 essere presentata entro la data riportata nei bandi stessi:\u202f<strong>20<\/strong><b>\u00a0Luglio\u202f2018 ore 14:00<\/b><b>\u202f<\/b>(non fa fede il timbro postale).<\/p>\n<p><b><i>PER INFORMAZIONI<\/i><\/b><\/p>\n<p>Eventuali informazioni possono essere richieste contattando\u00a0<b><span style=\"color: #00ccff;\">Associazione Inventare Insieme (onlus)<\/span>\u00a0<\/b>, Via Cipressi, 9, 90134 Palermo, Tel: 0916526394, mail\u00a0<a style=\"color: #00ccff;\" href=\"mailto:inventareinsieme@mediatau.it\">inventareinsieme@mediatau.it<\/a>\u00a0dal luned\u00ec al venerd\u00ec, dalle ore 9 alle 13 e dalle 15 alle 18.<\/p>\n<p><strong>SCARICA IL PROGETTO<\/strong><\/p>\n<p><span style=\"color: #00ccff;\"><a style=\"color: #00ccff;\" href=\"http:\/\/mediatau.it\/inventareinsieme\/wp-content\/uploads\/sites\/3\/2018\/06\/Garanzia-Giovani-al-Centro-TAU_Scheda-sintetica.pdf\" target=\"_blank\">SCHEDA PROGETTO\u00a0\u21d2<\/a><\/span><\/p>\n<p>&nbsp;<\/p>\n","protected":false},"excerpt":{"rendered":"<p>. Bando Servizio Civile Nazionale 2018 con\u00a0Inventare Insieme (onlus) &#8220;Garanzia Giovani al Centro TAU&#8221; Il\u202f\u00a0Dipartimento della Giovent\u00f9 e del Servizio Civile\u202f ha pubblicato il \u202fBando \u202fServizio Civile Nazionale con i Salesiani Regione Sicilia\u202f\u00a0per la selezione di\u202f\u00a01.153\u00a0volontari\u202fda avviare\u00a0al servizio nell\u2019anno 2018 nei progetti di servizio civile nazionale per l\u2019attuazione del Programma Operativo Nazionale \u201cIniziativa Occupazione Giovani\u201d<\/p>\n","protected":false},"author":3,"featured_media":0,"parent":0,"menu_order":0,"comment_status":"closed","ping_status":"closed","template":"","meta":{"footnotes":""},"class_list":["post-1725","page","type-page","status-publish","hentry"],"_links":{"self":[{"href":"https:\/\/mediatau.it\/inventareinsieme\/wp-json\/wp\/v2\/pages\/1725","targetHints":{"allow":["GET"]}}],"collection":[{"href":"https:\/\/mediatau.it\/inventareinsieme\/wp-json\/wp\/v2\/pages"}],"about":[{"href":"https:\/\/mediatau.it\/inventareinsieme\/wp-json\/wp\/v2\/types\/page"}],"author":[{"embeddable":true,"href":"https:\/\/mediatau.it\/inventareinsieme\/wp-json\/wp\/v2\/users\/3"}],"replies":[{"embeddable":true,"href":"https:\/\/mediatau.it\/inventareinsieme\/wp-json\/wp\/v2\/comments?post=1725"}],"version-history":[{"count":8,"href":"https:\/\/mediatau.it\/inventareinsieme\/wp-json\/wp\/v2\/pages\/1725\/revisions"}],"predecessor-version":[{"id":1975,"href":"https:\/\/mediatau.it\/inventareinsieme\/wp-json\/wp\/v2\/pages\/1725\/revisions\/1975"}],"wp:attachment":[{"href":"https:\/\/mediatau.it\/inventareinsieme\/wp-json\/wp\/v2\/media?parent=1725"}],"curies":[{"name":"wp","href":"https:\/\/api.w.org\/{rel}","templated":true}]}}