{"id":19,"date":"2013-10-15T11:38:08","date_gmt":"2013-10-15T09:38:08","guid":{"rendered":"http:\/\/mediatau.it\/openspace\/?page_id=19"},"modified":"2013-10-16T13:40:47","modified_gmt":"2013-10-16T11:40:47","slug":"open-space","status":"publish","type":"page","link":"https:\/\/mediatau.it\/openspace\/open-space\/","title":{"rendered":"OPEN SPACE"},"content":{"rendered":"<p><strong><span style=\"font-family: 'trebuchet ms', geneva; font-size: 24px;\">Operazione \u00a0\u201cOPEN SPACE \u2013 Reti e luoghi per la promozione giovanile\u201d<\/span><\/strong><\/p>\n<p>&nbsp;<\/p>\n<p><span style=\"font-family: 'trebuchet ms', geneva; font-size: 16px;\"><b>Programma Operativo FESR 2007\/2013 &#8211;\u00a0<\/b><\/span><span style=\"font-family: 'trebuchet ms', geneva; font-size: 16px;\"><b>Asse VI <\/b><i>\u2013 Sviluppo Urbano sostenibile <\/i><\/span><\/p>\n<p><span style=\"font-family: 'trebuchet ms', geneva; font-size: 16px;\"><b>Linea di intervento 6.1.4 &#8211; \u00a0<\/b><i>Rafforzare la rete dei servizi di prevenzione e delle attivit\u00e0 orientate alle situazioni di maggiore disagio nelle aree urbane<\/i><\/span><\/p>\n<p><span style=\"font-family: 'trebuchet ms', geneva; font-size: 16px;\"><b>\u00a0<\/b><b>\u00a0<\/b><\/span><\/p>\n<p>&nbsp;<\/p>\n<p><span style=\"font-family: 'trebuchet ms', geneva; font-size: 16px;\"><b>Il Progetto<\/b><\/span><\/p>\n<p style=\"text-align: justify;\"><span style=\"font-family: 'trebuchet ms', geneva; font-size: 16px;\">Il Progetto ha come finalit\u00e0 quella di infrastrutturare una rete pubblico\/privata di servizi, adeguata a rispondere alle problematiche ed alle esigenze di giovani dai 14 ai 24 anni in situazioni di fragilit\u00e0 sociale, culturale, psicologica ed economica.<\/span><\/p>\n<p style=\"text-align: justify;\"><span style=\"font-family: 'trebuchet ms', geneva; font-size: 16px;\">L\u2019approccio metodologico che si vuole utilizzare \u00e8 quello della progettazione partecipata attraverso la definizione di strategie di intervento che hanno come finalit\u00e0 lo sviluppo locale integrato e sostenibile. Fruitori dell\u2019intervento saranno quindi non solamente i giovani \u201cfragili\u201d, accompagnati in un percorso di autonomia attraverso la definizione di Progetti Educativi Individualizzati, ma anche la loro comunit\u00e0 di appartenenza, siano esse comunit\u00e0 locali o comunit\u00e0 di stranieri presenti sul territorio, gli operatori del pubblico e del privato coinvolti, la cittadinanza nelle sue diverse componenti sociali.<\/span><\/p>\n<p style=\"text-align: justify;\"><span style=\"font-family: 'trebuchet ms', geneva; font-size: 16px;\">Attraverso l\u2019intervento proposto si vogliono attivare servizi finalizzati ad offrire ai giovani opportunit\u00e0 per \u201csperimentarsi\u201d dentro un processo policentrico e multidimensionale in cui ciascun giovane pu\u00f2 sperimentare, accompagnato da adulti e da pari, una dialettica costruttiva che lo ricollochi come soggetti attivo e partecipante, che riesca a gestire e consolidare legami di reciprocit\u00e0, soggetti culturali che trovano l\u2019humus necessario per costruire nuovi significati e per tratteggiare nuovi mondi culturali, soggetti politici capaci di rileggere i problemi in una logica di diritti di cittadinanza.<\/span><\/p>\n<p style=\"text-align: justify;\"><span style=\"font-family: 'trebuchet ms', geneva; font-size: 16px;\">Gli obiettivi strategici dell\u2019azione di sviluppo locale integrato e sostenibile\u00a0 nel medio e lungo termine si proiettano su diversi ambiti di intervento (reti, cultura, arte, sport, salute, intercultura, famiglia, ambiente, qualificazione urbana) sviluppando processi di coesione e di convergenza tra gli attori pubblici e privati della rete di partenariato ed in particolare tra gli oltre trenta Centri di aggregazione giovanile coinvolti.<\/span><\/p>\n<p style=\"text-align: justify;\"><span style=\"font-family: 'trebuchet ms', geneva; font-size: 16px;\">\u00a0<\/span><\/p>\n<p><span style=\"font-family: 'trebuchet ms', geneva; font-size: 16px;\"><b>Enti partner\u00a0<\/b><\/span><\/p>\n<ul style=\"list-style-type: disc;\">\n<li><span style=\"font-family: 'trebuchet ms', geneva; font-size: 16px;\">Comune di Palermo \u00a0 \u00a0 \u00a0 \u00a0 \u00a0 \u00a0 \u00a0 \u00a0 \u00a0 \u00a0 \u00a0 \u00a0 \u00a0 \u00a0 \u00a0 \u00a0 \u00a0 \u00a0 \u00a0 \u00a0 \u00a0 \u00a0 \u00a0 \u00a0 \u00a0 \u00a0 Ente Capofila<\/span><\/li>\n<li><span style=\"font-family: 'trebuchet ms', geneva; font-size: 16px;\">Associazione \u201cInventare Insieme (onlus)\u201d \u00a0 \u00a0 \u00a0 \u00a0 \u00a0 \u00a0 \u00a0 \u00a0 \u00a0 \u00a0 \u00a0 Capofila degli enti del \u201cprivato sociale\u201d<\/span><\/li>\n<li><span style=\"font-family: 'trebuchet ms', geneva; font-size: 16px;\">Consorzio Solco Rete di Imprese Sociali Siciliane \u00a0<\/span><\/li>\n<li><span style=\"font-family: 'trebuchet ms', geneva; font-size: 16px;\">Associazione Jus Vitae ONLUS<\/span><\/li>\n<li><span style=\"font-family: 'trebuchet ms', geneva; font-size: 16px;\">Associazione Euro \u00a0 \u00a0 \u00a0\u00a0<\/span><\/li>\n<li><span style=\"font-family: 'trebuchet ms', geneva; font-size: 16px;\">Centro Studi Opera Don Calabria \u00a0 \u00a0 \u00a0\u00a0<\/span><\/li>\n<li><span style=\"font-family: 'trebuchet ms', geneva; font-size: 16px;\">Consorzio Ulisse \u00a0 \u00a0 \u00a0 \u00a0\u00a0<\/span><\/li>\n<li><span style=\"font-family: 'trebuchet ms', geneva; font-size: 16px;\">CRESM Centro Ricerche Economiche e Sociali per il Meridione<\/span><\/li>\n<\/ul>\n<p><span style=\"font-family: 'trebuchet ms', geneva; font-size: 16px;\"><b>\u00a0<\/b><\/span><\/p>\n<p><span style=\"font-family: 'trebuchet ms', geneva; font-size: 16px;\"><b>Obiettivi <\/b><\/span><\/p>\n<ul style=\"list-style-type: disc;\">\n<li><span style=\"font-family: 'trebuchet ms', geneva; font-size: 16px;\">Definire un Piano Strategico di Sviluppo Locale integrato e sostenibile<\/span><\/li>\n<li><span style=\"font-family: 'trebuchet ms', geneva; font-size: 16px;\">Attivare processi di sussidiariet\u00e0 e di sviluppo di reti integrate<\/span><\/li>\n<li><span style=\"font-family: 'trebuchet ms', geneva; font-size: 16px;\">Attivare processi di empowering della comunit\u00e0<\/span><\/li>\n<li><span style=\"font-family: 'trebuchet ms', geneva; font-size: 16px;\">Attivare servizi territoriali finalizzati alla \u201cpresa in carico\u201d ed accompagnamento all\u2019autonomia dei giovani<\/span><\/li>\n<li><span style=\"font-family: 'trebuchet ms', geneva; font-size: 16px;\">Attivare servizi personalizzati finalizzati all\u2019inclusione sociale ed alla fruizione di opportunit\u00e0 culturali, sportive, artistiche, formative dei giovani accolti<\/span><\/li>\n<\/ul>\n<p><span style=\"font-family: 'trebuchet ms', geneva; font-size: 16px;\">\u00a0<\/span><\/p>\n<p><span style=\"font-family: 'trebuchet ms', geneva; font-size: 16px;\"><b>Azioni previste<\/b><\/span><\/p>\n<p style=\"text-align: justify;\"><span style=\"font-family: 'trebuchet ms', geneva; font-size: 16px;\"><b>1)\u00a0\u00a0\u00a0 <\/b><b>Polo di Sviluppo Cittadino<\/b><\/span><\/p>\n<p style=\"text-align: justify;\"><span style=\"font-family: 'trebuchet ms', geneva; font-size: 16px;\">Infrastrutturazione di un Polo di sviluppo cittadino \u2013 Agenzia per la promozione della cittadinanza giovanile che curi la promozione di processi di sviluppo locale e della progettazione partecipata attraverso la fruizione di uno spazio aperto individuato e gestito insieme al privato sociale che attivi una rete di agenzie ed enti interessati a favorire processi di\u00a0 integrazione e di inclusione di soggetti svantaggiati in particolare dei giovani attraverso attivit\u00e0 ed iniziative che promuovano l\u2019autonomia personale. \u00a0L&#8217;azione\u00a0prevede nello specifico la realizzazione di un Polo di sviluppo Cittadino che si collochi in uno spazio geografico individuato dalla partnership progettuale e che funzioni da Cabina di Regia per tutte le attivit\u00e0 che andranno a svolgersi. Sar\u00e0 allo stesso tempo luogo di Progettazione partecipata, luogo di fruizione di spazi da cogestire con i partner di progetto, con i giovani coinvolti e con le associazioni che vorranno aderire alla proposta di Progettazione partecipata.\u00a0<\/span><span style=\"font-family: 'trebuchet ms', geneva; font-size: 16px;\">L\u2019azione \u00e8 sviluppata dal CRESM Centro Ricerche Economiche e Sociali per il Meridione<\/span><\/p>\n<p>&nbsp;<\/p>\n<p><span style=\"font-family: 'trebuchet ms', geneva; font-size: 16px;\"><b>2)\u00a0\u00a0\u00a0 <\/b><b>Rete di supporto al Piano Locale Giovani<\/b><\/span><\/p>\n<p style=\"text-align: justify;\"><span style=\"font-family: 'trebuchet ms', geneva; font-size: 16px;\">Infrastrutturazione di una rete di sviluppo a supporto del Piano Locale Giovani. L&#8217;azione\u00a0intende definire una rete di supporto al Piano Locale Giovani attraverso l\u2019infrastrutturazione di una rete di servizi atti a supportare e sviluppare le azioni previste: accesso al lavoro (assistenza tecnica per i percorsi di inserimento lavorativo tramite l\u2019attivazione di sperimentazioni di imprenditorialit\u00e0 giovanile); percorsi per la cittadinanza attiva (strutturazione Forum Giovani della citt\u00e0 di Palermo); percorsi per la qualit\u00e0 della vita dei giovani (qualificazione del \u201ctempo libero).\u00a0Nell&#8217;azione sono coinvolti tutti gli enti Partner.<\/span><\/p>\n<p>&nbsp;<\/p>\n<p><span style=\"font-family: 'trebuchet ms', geneva; font-size: 16px;\"><b>3)\u00a0\u00a0\u00a0 <\/b><b>Poli territoriali mediaeducativi<\/b><\/span><\/p>\n<p style=\"text-align: justify;\"><span style=\"font-family: 'trebuchet ms', geneva; font-size: 16px;\">Attivazione di otto poli di intervento territoriale (uno per circoscrizione) finalizzati all\u2019attivazione di reti locali di sostegno attraverso l\u2019attivazione di unit\u00e0 mobili multimediali e media-educative di intervento territoriale. L&#8217;azione prevede\u00a0prevede l\u2019attivazione di otto poli di intervento territoriale finalizzati ad una ricognizione territoriale dei bisogni dei giovani \u201cfragili\u201d per la definizione di percorsi di accompagnamento all\u2019autonomia individuale. I Poli verranno disposti sul territorio e si avvarranno anche di Unit\u00e0 Mobili multimediali e media-educativi che costituiscono unit\u00e0 di lavoro socio-pedagogiche itineranti. L\u2019intento \u00e8 quello di stimolare interessi culturali e creativi attraverso la fruizione di diversi servizi: una mediateca, una postazione radio-mobile attiva, una postazione video, una sezione dedicata all\u2019informazione sulle varie iniziative che riguardano il mondo giovanile, in grado di muoversi sul territorio e coinvolgere i giovani direttamente nei luoghi di aggregazione spontanea; campagne informative e di sensibilizzazione; realizzazione di reportage audio-visivi sul mondo giovanile, sui suoi linguaggi e sulle sue diverse forme espressive attraverso il materiale multimediale raccolto (video, fotografie, musiche e testi),un laboratorio di post-produzione finalizzato alla costruzione di un prodotto tangibile. Si prevede durante un anno almeno 200 scuole del territorio provinciale realizzeranno convenzioni con gli otto Poli territoriali per la fruizione dei servizi sopra descritti.<\/span><\/p>\n<p>&nbsp;<\/p>\n<p><span style=\"font-family: 'trebuchet ms', geneva; font-size: 16px;\"><b>4)\u00a0\u00a0\u00a0 <\/b><b>Sostegno a Imprese sociale di inclusione socio lavorativa<\/b><\/span><\/p>\n<p><span style=\"font-family: 'trebuchet ms', geneva; font-size: 16px;\">Consolidamento di attivit\u00e0 ambientali e di inclusione lavorativa e di impresa sociale quali il Vivaio Iberville \u2013 Ortocircuito e \u201cIl giardino delle farfalle\u201d a Fondo Micciulla.\u00a0<\/span><span style=\"font-family: 'trebuchet ms', geneva; font-size: 16px;\">L&#8217;azione\u00a0\u00a0intende consolidare le attivit\u00e0 che sono previste all&#8217;interno dei due beni agricoli gestiti da due cooperative sociali:<\/span><\/p>\n<p><span style=\"font-family: 'trebuchet ms', geneva; font-size: 16px;\">&#8211; Il\u00a0<\/span><b style=\"font-family: 'trebuchet ms', geneva; font-size: 16px;\">Vivaio Ibervillea<\/b><span style=\"font-family: 'trebuchet ms', geneva; font-size: 16px;\">, gestito dalla Cooperativa Sociale Solidariet\u00e0\u201d, finalizzato a promuovere azioni di inclusione sociale di soggetti con disabilit\u00e0 psichica. Le attivit\u00e0 previste dall&#8217;azione \u00a0 \u00a0 \u00a0 \u00a0sono:<\/span><\/p>\n<ul style=\"list-style-type: disc;\">\n<li><span style=\"font-family: 'trebuchet ms', geneva; font-size: 16px;\">Potenziamento delle infrastruture del vivaio<\/span><\/li>\n<li><span style=\"font-family: 'trebuchet ms', geneva; font-size: 16px;\">Laboratori di tecniche di giardinaggio, di orticoltura, di commercializzazione e vendita di piante;<\/span><\/li>\n<li><span style=\"font-family: 'trebuchet ms', geneva; font-size: 16px;\">Realizzazione di un orto multiculturale quale luogo di identificazione per persone e gruppi di immigrati nella citt\u00e0 di Palermo aventi le loro origini in contesti agricoli<\/span><\/li>\n<li><span style=\"font-family: 'trebuchet ms', geneva; font-size: 16px;\">Attivazione di momenti di diffusione scientifica e culturale e momenti di convivialit\u00e0 e di spiritualit\u00e0, sulla disabilit\u00e0 psichica, sull&#8217;inclusione socio lavorativa sul tema della gestione di orti, piante e giardini. \u00a0<\/span><\/li>\n<\/ul>\n<p><span style=\"font-family: 'trebuchet ms', geneva; font-size: 16px;\">&#8211;\u00a0<\/span><span style=\"font-family: 'trebuchet ms', geneva; font-size: 16px;\">\u201c<b>Il giardino delle farfalle<\/b>\u201d \u00a0che sar\u00e0 realizzato a Fondo Micciulla, bene confiscato alla Mafia, \u00a0un terreno di c.a. 9.000 mq in pieno centro urbano della citt\u00e0 con l\u2019obiettivo di \u00a0attivare un centro di educazione ambientale per bambini e giovani, gestito dalla Cooperativa Sociale Al Azis che promuove anche processi di inclusione sociale e lavorativa di giovani a rischio di devianza e\/o sottoposti a procedimento giudiziario. Le attivit\u00e0 prevista dall&#8217;azione sono:<\/span><\/p>\n<ul style=\"list-style-type: disc;\">\n<ul style=\"list-style-type: disc;\">\n<li><span style=\"font-family: 'trebuchet ms', geneva; font-size: 16px;\">La progettazione e realizzazione del giardino.<\/span><\/li>\n<li><span style=\"font-family: 'trebuchet ms', geneva; font-size: 16px;\">Il coinvolgimento di agenzie sociali, sanitarie ed educative del territorio.<\/span><\/li>\n<li><span style=\"font-family: 'trebuchet ms', geneva; font-size: 16px;\">Attivit\u00e0 di educazione ambientale e sanitaria da realizzare attraverso iniziative sociali, culturali, artistiche, sportive e multimediali;<\/span><\/li>\n<li><span style=\"font-family: 'trebuchet ms', geneva; font-size: 16px;\">Attivit\u00e0 di orientamento e di formazione finalizzate all\u2019accompagnamento ed all\u2019inserimento socio lavorativo dei giovani destinatari dell\u2019intervento con l\u2019obiettivo di renderli protagonisti attivi del proprio processo lavorativo e formativo.<\/span><\/li>\n<\/ul>\n<\/ul>\n<p><span style=\"font-family: 'trebuchet ms', geneva; font-size: 16px;\">\u00a0<\/span><\/p>\n<p><span style=\"font-family: 'trebuchet ms', geneva; font-size: 16px;\">\u00a0<b>Beneficiari<\/b><\/span><\/p>\n<p><span style=\"font-family: 'trebuchet ms', geneva; font-size: 16px;\">Beneficiari dell\u2019operazione \u00a0\u201cOpen Space\u201d sono:<\/span><\/p>\n<ul style=\"list-style-type: circle;\">\n<li><span style=\"font-family: 'trebuchet ms', geneva; font-size: 16px;\">Giovani residenti a Palermo (14- 25 anni accolti dalle associazioni e dai servizi sociali territoriali<\/span><\/li>\n<li><span style=\"font-family: 'trebuchet ms', geneva; font-size: 16px;\">Giovani (14-25 anni) immigrati ed extracomunitari e la loro comunit\u00e0 di appartenenza<\/span><\/li>\n<li><span style=\"font-family: 'trebuchet ms', geneva; font-size: 16px;\">Le associazioni coinvolte nella partnership del presente intervento<\/span><\/li>\n<li><span style=\"font-family: 'trebuchet ms', geneva; font-size: 16px;\">Le associazioni che vogliono aderire alla proposta di progettazione partecipata<\/span><\/li>\n<li><span style=\"font-family: 'trebuchet ms', geneva; font-size: 16px;\">La comunit\u00e0 locale.<\/span><\/li>\n<\/ul>\n<p><span style=\"font-family: 'trebuchet ms', geneva; font-size: 16px;\">\u00a0<\/span><\/p>\n","protected":false},"excerpt":{"rendered":"<p>Operazione \u00a0\u201cOPEN SPACE \u2013 Reti e luoghi per la promozione giovanile\u201d &nbsp; Programma Operativo FESR 2007\/2013 &#8211;\u00a0Asse VI \u2013 Sviluppo Urbano sostenibile Linea di intervento 6.1.4 &#8211; \u00a0Rafforzare la rete dei servizi di prevenzione e delle attivit\u00e0 orientate alle situazioni di maggiore disagio nelle aree urbane \u00a0\u00a0 &nbsp; Il Progetto Il Progetto ha come finalit\u00e0<\/p>\n","protected":false},"author":3,"featured_media":0,"parent":0,"menu_order":0,"comment_status":"open","ping_status":"open","template":"","meta":{"footnotes":""},"class_list":["post-19","page","type-page","status-publish","hentry"],"_links":{"self":[{"href":"https:\/\/mediatau.it\/openspace\/wp-json\/wp\/v2\/pages\/19","targetHints":{"allow":["GET"]}}],"collection":[{"href":"https:\/\/mediatau.it\/openspace\/wp-json\/wp\/v2\/pages"}],"about":[{"href":"https:\/\/mediatau.it\/openspace\/wp-json\/wp\/v2\/types\/page"}],"author":[{"embeddable":true,"href":"https:\/\/mediatau.it\/openspace\/wp-json\/wp\/v2\/users\/3"}],"replies":[{"embeddable":true,"href":"https:\/\/mediatau.it\/openspace\/wp-json\/wp\/v2\/comments?post=19"}],"version-history":[{"count":9,"href":"https:\/\/mediatau.it\/openspace\/wp-json\/wp\/v2\/pages\/19\/revisions"}],"predecessor-version":[{"id":108,"href":"https:\/\/mediatau.it\/openspace\/wp-json\/wp\/v2\/pages\/19\/revisions\/108"}],"wp:attachment":[{"href":"https:\/\/mediatau.it\/openspace\/wp-json\/wp\/v2\/media?parent=19"}],"curies":[{"name":"wp","href":"https:\/\/api.w.org\/{rel}","templated":true}]}}