{"id":4520,"date":"2016-05-04T18:13:01","date_gmt":"2016-05-04T16:13:01","guid":{"rendered":"http:\/\/mediatau.it\/opscentrotau\/?page_id=4520"},"modified":"2016-05-04T18:13:01","modified_gmt":"2016-05-04T16:13:01","slug":"obiettivi","status":"publish","type":"page","link":"https:\/\/mediatau.it\/opscentrotau\/obiettivi\/","title":{"rendered":"OBIETTIVI"},"content":{"rendered":"<p><strong>Obiettivi generali e specifici<\/strong><br \/>\n<strong>Obiettivi generali<\/strong><br \/>\nObiettivo generale \u00e8 quello di incentivare e sostenere la comunit\u00e0 giovanile territoriale nella definizione di proprie mappe concettuali adeguate a posizionarsi nel presente e proiettarsi nel futuro, a sviluppare senso critico e creativit\u00e0, a superare elementi di disagio e disadattamento, a partecipare in maniera attiva alla vita sociale, a sperimentare nuove forme di cittadinanza, anche comunitarie, a promuovere progettualit\u00e0 personali e di sviluppo locale.<br \/>\n<strong>Obiettivi specifici:<\/strong><br \/>\nPromozione sociale e culturale; Promuovere tra i giovani socializzazione, collaborazione, capacit\u00e0 di ascolto e di dialogo; Promuovere iniziative volte a favorire forme di partecipazione e di aggregazione tra pari; Promuovere comportamenti responsabili orientati all\u2019auto progettualit\u00e0 individuale e di comunit\u00e0; Promuovere la cultura della legalit\u00e0 e del rispetto degli altri; Promuovere processi di creativit\u00e0 musicale, teatrale, artistica; Promuovere la conoscenza delle lingue e la cultura europea; Promuovere processi associativi tra giovani; Promuovere processi mediaeducativi.<\/p>\n<p><strong>Beneficiari<\/strong><br \/>\n<strong>I beneficiari diretti<\/strong> del progetto sono oltre 150 adolescenti e giovani, di et\u00e0 compresa tra i 14 e i 25 anni, abitanti nella citt\u00e0 di Palermo, ed in particolare del quartiere Zisa e nei quartieri limitrofi, anche segnalati dai servizi sociali, e dai servizi sanitari, dalle scuole, dalle parrocchie, da enti del privato sociale e dalle famiglie. Il progetto includer\u00e0 anche giovani immigrati domiciliati nel quartiere e nella citt\u00e0<br \/>\n<strong>Beneficiari indiretti<\/strong> dell\u2019azione progettuale sono da considerarsi tutti coloro i quali hanno relazioni con i giovani iscritti e partecipanti alle attivit\u00e0 a partire dalla famiglia. I giovani del territorio, delle scuole, stimabili in oltre 2.500 persone. Rientrano tra i beneficiari indiretti anche le famiglie, gli operatori scolastici, dei servizi sociali, sanitari ed educativi del territorio, stimabili in un migliaio di persone.<\/p>\n","protected":false},"excerpt":{"rendered":"<p>Obiettivi generali e specifici Obiettivi generali Obiettivo generale \u00e8 quello di incentivare e sostenere la comunit\u00e0 giovanile territoriale nella definizione di proprie mappe concettuali adeguate a posizionarsi nel presente e proiettarsi nel futuro, a sviluppare senso critico e creativit\u00e0, a superare elementi di disagio e disadattamento, a partecipare in maniera attiva alla vita sociale, a [&hellip;]<\/p>\n","protected":false},"author":3,"featured_media":0,"parent":0,"menu_order":0,"comment_status":"closed","ping_status":"closed","template":"","meta":{"footnotes":""},"class_list":["post-4520","page","type-page","status-publish","hentry"],"_links":{"self":[{"href":"https:\/\/mediatau.it\/opscentrotau\/wp-json\/wp\/v2\/pages\/4520","targetHints":{"allow":["GET"]}}],"collection":[{"href":"https:\/\/mediatau.it\/opscentrotau\/wp-json\/wp\/v2\/pages"}],"about":[{"href":"https:\/\/mediatau.it\/opscentrotau\/wp-json\/wp\/v2\/types\/page"}],"author":[{"embeddable":true,"href":"https:\/\/mediatau.it\/opscentrotau\/wp-json\/wp\/v2\/users\/3"}],"replies":[{"embeddable":true,"href":"https:\/\/mediatau.it\/opscentrotau\/wp-json\/wp\/v2\/comments?post=4520"}],"version-history":[{"count":1,"href":"https:\/\/mediatau.it\/opscentrotau\/wp-json\/wp\/v2\/pages\/4520\/revisions"}],"predecessor-version":[{"id":4521,"href":"https:\/\/mediatau.it\/opscentrotau\/wp-json\/wp\/v2\/pages\/4520\/revisions\/4521"}],"wp:attachment":[{"href":"https:\/\/mediatau.it\/opscentrotau\/wp-json\/wp\/v2\/media?parent=4520"}],"curies":[{"name":"wp","href":"https:\/\/api.w.org\/{rel}","templated":true}]}}