{"id":4805,"date":"2017-04-27T14:12:56","date_gmt":"2017-04-27T12:12:56","guid":{"rendered":"http:\/\/mediatau.it\/zisart\/?page_id=4805"},"modified":"2017-04-28T16:17:14","modified_gmt":"2017-04-28T14:17:14","slug":"il-progetto-in-breve","status":"publish","type":"page","link":"https:\/\/mediatau.it\/zisart\/il-progetto-in-breve\/","title":{"rendered":"Il progetto in breve"},"content":{"rendered":"<p style=\"text-align: justify;\"><strong><em>[mk_page_section full_width=&#8221;true&#8221; padding_top=&#8221;0&#8243; padding_bottom=&#8221;0&#8243; el_class=&#8221;nopaddingheader&#8221; sidebar=&#8221;sidebar-1&#8243;][vc_column][mk_image src=&#8221;http:\/\/mediatau.it\/zisart\/wp-content\/uploads\/sites\/19\/2013\/05\/banner-zisart-sillumina-fb.png&#8221; image_size=&#8221;full&#8221; align=&#8221;center&#8221; margin_bottom=&#8221;0&#8243;][\/vc_column][\/mk_page_section][mk_page_section]<\/em><\/strong><\/p>\n<h4 style=\"text-align: justify;\"><strong><em>ZISART: Voci, Suoni e Colori dal Mondo<\/em><\/strong><\/h4>\n<p style=\"text-align: justify;\"><strong><em>ZISART: Voci, Suoni e Colori dal Mondo<\/em><\/strong> \u00e8 un Progetto Artistico integrato (Attivit\u00e0 laboratoriali, Rassegna ed Evento finale), frutto dell\u2019incontro di tre realt\u00e0 palermitane che collaborano da tempo nel campo della Musica rivolta al sociale: il <strong>Centro TAU <\/strong>dell\u2019<strong>Associazione Inventare Insieme<\/strong>, l\u2019<strong>Associazione Ci Suono Anch\u2019io<\/strong> e l\u2019<strong>Associazione Formedonda. <\/strong><\/p>\n<p style=\"text-align: justify;\">Il progetto \u00e8 finanziato dalla SIAE attraverso la sezione \u201cPeriferie Urbane\u201d del bando SILLUMINA, inerente a progetti musicali di inclusione sociale<strong>.<\/strong> La finalit\u00e0 \u00e8 quella di realizzare, in un contesto periferico della Citt\u00e0 di Palermo, <strong>il quartiere Zisa<\/strong>, un processo d<strong>&#8216;integrazione interculturale attraverso l&#8217;espressione musicale, <\/strong>\u00a0valorizzando e promuovendo le energie creative dei giovani palermitani e di quelli extracomunitari residenti a Palermo che si dilettano nella creazione di musica e di testi, favorendo in tal senso\u00a0 <strong>un processo di conoscenza e scambio<\/strong> creativo tra persone e gruppi di origine e tradizioni etniche, culturali, religiose e linguistiche diverse.<\/p>\n<p style=\"text-align: justify;\"><strong><em>ZISART: Voci, Suoni e Colori dal Mondo <\/em><\/strong>prevede <strong>due azioni:<\/strong><\/p>\n<ul style=\"text-align: justify;\">\n<li>La prima, destinata a 30 giovani musicisti dai <strong>16 ai 20 anni <\/strong>che propongono musica inedita da solisti o in band, che si svolger\u00e0 presso i locali del Centro TAU, noto centro aggregativo giovanile del quartiere Zisa\/Danisinni, e prevede <strong>10<\/strong> incontri da dividersi in attivit\u00e0 seminariale, laboratoriale e performativa \u00e8 sar\u00e0 coadiuvata dalla presenza di artisti esperti che condurranno l\u2019attivit\u00e0 nell\u2019ambito dei generi musicali selezionati. L\u2019attivit\u00e0 formativa prevede 4 sezioni: <strong>composizione musicale melodica, scrittura di testi per canzoni, arrangiamento musicale di canzoni, interpretazione musicale e canora.<\/strong> La selezione dei ragazzi avverr\u00e0 su criteri preferenziali relativi a capacit\u00e0 tecnico musicali, originalit\u00e0, creativit\u00e0 e contenuti, provenienza da periferie urbane e disagio sociale. Questa azione prevede a conclusione la realizzazione di una mini rassegna da tenersi in <strong>autunno 2017<\/strong> al Centro Tau con le performance dei giovani selezionati, a cui seguir\u00e0 la loro partecipazione anche all\u2019evento finale nei pressi del <strong>Castello della Zisa. <\/strong><\/li>\n<\/ul>\n<ul>\n<li style=\"text-align: justify;\">La seconda azione, rivolta a giovani dai <strong>20 ai 35 anni<\/strong> che operano in band o da solisti, prevede la selezione di <strong>6 progetti artistici originali<\/strong> aventi caratteristiche specifiche (multietnicit\u00e0, identit\u00e0 culturale, fusione di stili musicali, uso di lingue diverse dall\u2019italiano e dall\u2019inglese, uso della lingua siciliana, qualit\u00e0 e originalit\u00e0 della proposta musicale) che parteciperanno all&#8217;<strong>Evento musicale <\/strong>(che si terr\u00e0 entro il mese di dicembre 2017) nei pressi del <strong>Castello della Zisa<\/strong>, con i giovani artisti selezionati nella prima fase.<\/li>\n<\/ul>\n<p>&nbsp;<\/p>\n<p>&nbsp;<\/p>\n","protected":false},"excerpt":{"rendered":"<p>[mk_page_section full_width=&#8221;true&#8221; padding_top=&#8221;0&#8243; padding_bottom=&#8221;0&#8243; el_class=&#8221;nopaddingheader&#8221; sidebar=&#8221;sidebar-1&#8243;][vc_column][mk_image src=&#8221;http:\/\/mediatau.it\/zisart\/wp-content\/uploads\/sites\/19\/2013\/05\/banner-zisart-sillumina-fb.png&#8221; image_size=&#8221;full&#8221; align=&#8221;center&#8221; margin_bottom=&#8221;0&#8243;][\/vc_column][\/mk_page_section][mk_page_section] ZISART: Voci, Suoni e Colori dal Mondo ZISART: Voci, Suoni e Colori dal Mondo \u00e8 un Progetto Artistico integrato (Attivit\u00e0 laboratoriali, Rassegna ed Evento finale), frutto dell\u2019incontro di tre realt\u00e0 palermitane che collaborano da tempo nel campo della Musica rivolta al sociale: il Centro TAU [&hellip;]<\/p>\n","protected":false},"author":3,"featured_media":0,"parent":0,"menu_order":0,"comment_status":"closed","ping_status":"closed","template":"","meta":{"footnotes":""},"class_list":["post-4805","page","type-page","status-publish","hentry"],"_links":{"self":[{"href":"https:\/\/mediatau.it\/zisart\/wp-json\/wp\/v2\/pages\/4805","targetHints":{"allow":["GET"]}}],"collection":[{"href":"https:\/\/mediatau.it\/zisart\/wp-json\/wp\/v2\/pages"}],"about":[{"href":"https:\/\/mediatau.it\/zisart\/wp-json\/wp\/v2\/types\/page"}],"author":[{"embeddable":true,"href":"https:\/\/mediatau.it\/zisart\/wp-json\/wp\/v2\/users\/3"}],"replies":[{"embeddable":true,"href":"https:\/\/mediatau.it\/zisart\/wp-json\/wp\/v2\/comments?post=4805"}],"version-history":[{"count":5,"href":"https:\/\/mediatau.it\/zisart\/wp-json\/wp\/v2\/pages\/4805\/revisions"}],"predecessor-version":[{"id":4811,"href":"https:\/\/mediatau.it\/zisart\/wp-json\/wp\/v2\/pages\/4805\/revisions\/4811"}],"wp:attachment":[{"href":"https:\/\/mediatau.it\/zisart\/wp-json\/wp\/v2\/media?parent=4805"}],"curies":[{"name":"wp","href":"https:\/\/api.w.org\/{rel}","templated":true}]}}