{"id":4831,"date":"2017-04-28T16:24:34","date_gmt":"2017-04-28T14:24:34","guid":{"rendered":"http:\/\/mediatau.it\/zisart\/?page_id=4831"},"modified":"2017-04-28T16:26:28","modified_gmt":"2017-04-28T14:26:28","slug":"macrofase-8-processo-zisart-2","status":"publish","type":"page","link":"https:\/\/mediatau.it\/zisart\/macrofase-8-processo-zisart-2\/","title":{"rendered":"PROCESSO ZISART"},"content":{"rendered":"<p><strong>Durata (mesi) :<\/strong> 24<br \/>\n<strong>Soggetto responsabile:<\/strong> Ass.\u201d Inventare Insieme (onlus)\u201d<\/p>\n<p>Il processo \u201cZISart\u201d nasce nel 2010 con il progetto di sviluppo e restylling del Centro TAU e la sua evoluzione in \u201cOfficina di Promozione Socio Culturale\u201d, realizzata grazie all\u2019intervento della Fondazione Vodafone.<br \/>\nIl processo \u201cZISart\u201d, all\u2019interno del quale si sviluppa il processo \u201cSISound\u201d, fa parte della strategia di sviluppo e di evoluzione del \u201cterzo decennio\u201d di presenza sul territorio, una presenza che \u00e8 stata caratterizzata per il primo decennio dall\u2019attivit\u00e0 di animazione socioculturale, per il secondo decennio dai percorsi di orientamento e di professionalizzazione. Il terzo decennio si \u00e8 voluto pianificare integrando ai processi dei decenni precedenti il processo di promozione della cultura, dell\u2019arte e della bellezza, partendo dal restyling della struttura e proiettandosi su un processo che abbiamo denominato \u201cZISart\u201d. Il processo ZISart si sviluppa su quattro assi: l&#8217;utopia della bellezza e dell&#8217;arte come forza etica, occasione di riscatto, d&#8217;incontro, di scoperta, di gioia e di bellezza, la \u201ccultura come metodo educativo\u201d dove le iniziative e gli interventi sui giovani sono finalizzati a ricondurre situazioni a rischio e percorsi devianti nell\u2019ambito di (specifiche) occasioni aggregative offerte con il servizio culturale; la \u201ccultura come campo di educazione\u201d in cui gli interventi e i progetti di valorizzazione delle risorse un\u00ecmane emrgenti nel campo cultuarle di costruzione di loro ulteriore sviluppo nel settore; la \u201ccultura come fattore di crescita economica e di investimento\u201d, ai fini di una prolifera articolazione delle progettualit\u00e0 culturali dirette ad una riaffermazione delle tradizioni e dell\u2019identit\u00e0 territoriale, cos\u00ec da valorizzare non solo l\u2019esistente, ma stimolare anche nuove produzioni e distribuzioni.<br \/>\nL\u2019obiettivo del processo \u00e8 quello di promozione e svilupo di capacit\u00e0 individuali e collettive nel campo delle arti finalizzata a promuovere un\u2019impresa socio culturale intesa come dispositivo di ricerca delle condizioni affinch\u00e8 un servizio di mercato possa offrire anche occasioni di promozioni sociali, di protagonsmo delle categorie pi\u00f9 a rischio, di reind\u00ecseriemnto delle componenti pi\u00f9 disagiate della comunit\u00e0 locale. In particolare, facendo riferimento ai giovani, e nell\u2019ambito specifico delle politiche giovanili il modello potrebbe essere declinato con un\u2019attenzione specifica alla possibilit\u00e0 di creare nuove opportunit\u00e0 per i giovani \u201ca rischio\u201d anche a ridosso dell\u2019offerta di servizi culturali, obiettivo possibile anche in considerazione della presenza nel quartiere del Parco e del Castello della Zisa e dei \u201cCantieri della Zisa\u201d, spazio di promozione artistica e culturale che accoglie al suo interno la presenza e l\u2019espressivit\u00e0 di varie istituzioni pubbliche e private. Attraverso le attivit\u00e0 del processo \u201cZISart\u201d si mira alla scoperta dell\u2019espressivit\u00e0 e della comunicazione partendo dalla produzione personale e di gruppo. Ci si pone come obiettivo quello di mettere il disegno, la pittura, la manipolazione, l\u2019espressione corporea in rapporto alla conoscenza di se stessi, alla propria emotivit\u00e0 all\u2019uso dello spazio e della forma attraverso l\u2019uso del corpo umano, del colore, e della danza per comunicare sensazioni, visione della realt\u00e0, elaborare progetti di cambiamento e produrre messaggi di comunicazione e di espressione. E\u2019 previsto anche il coinvolgimento, nell\u2019attivit\u00e0 di processo, anche delle agenzie artistiche e culturali presenti dei nicini \u201cCantieri culturali della Zisa: \u2019Accademia delle Belle Arti, Scuola di Cinema, Goethe Institute, Centro culturale francesce, varie associazioni, con le quali l\u2019Associzione \u201cInventare Insieme\u201d intrattiene gi\u00e0 dei rapporti di collaborazione e di partenariato.<br \/>\nLa programmazione settimanale \u00e8 organizzata per accogliere max 60 giovani.<br \/>\nL\u2019accesso ai percorsi avviene attraverso selezione con test attitudinale-motivazionale e accertamento delle attitudini, delle potenzialit\u00e0 e delle competenze artistiche di base.<br \/>\nVerranno individuati meccanismi di premialit\u00e0 (concorsi, esposizioni, viaggi, incontri con artisti, attestati di merito) per incentivare la partecipazione e l\u2019impegno.<br \/>\nLe officine interessate dalla macrofase sono l\u2019officina di \u201ccittadinanza\u201d (sala incontri e formazione), l\u2019officina di \u201cimmaginazione\u201d (centro di produzione mediale), l\u2019officina di conoscenza (spazio informatico multimediale e di formazione), l\u2019officina di creativit\u00e0 (spazio per le produzioni artistiche), l\u2019officina di \u201cmovimento\u201d (spazio per attivit\u00e0 espressivo corporee) l\u2019officina di \u201cpartecipazione\u201d (spazio per incontri aperti al territorio). Tutte le officine interessate sono dotate di computer portatili, connessioni internet e sistemi di videoproiezione<br \/>\nLa programmazione settimanale \u00e8 organizzata per accogliere max 60 giovani.<br \/>\nL\u2019accesso ai percorsi avviene attraverso selezione con test attitudinale-motivazionale e accertamento delle potenzialit\u00e0 e delle competenze linguistiche di base.<br \/>\nVerranno individuati meccanismi di premialit\u00e0 per incentivare la partecipazione e l\u2019impegno.<br \/>\nSono previste verifiche periodiche in itinere e incontri con i ragazzi per verificare l\u2019andamento delle attivit\u00e0.<\/p>\n<p>Nella macrofase vengono impegnati i seguenti operatori:<br \/>\n&#8211; 1 Coordinatore di macrofase<br \/>\n&#8211; 3 animatori junior, giovani dell\u2019associazione \u201cI ragazzi del Centro TAU\u201d con competenze nel campo<br \/>\ndella cultura e dell\u2019arte.<\/p>\n","protected":false},"excerpt":{"rendered":"<p>Durata (mesi) : 24 Soggetto responsabile: Ass.\u201d Inventare Insieme (onlus)\u201d Il processo \u201cZISart\u201d nasce nel 2010 con il progetto di sviluppo e restylling del Centro TAU e la sua evoluzione in \u201cOfficina di Promozione Socio Culturale\u201d, realizzata grazie all\u2019intervento della Fondazione Vodafone. Il processo \u201cZISart\u201d, all\u2019interno del quale si sviluppa il processo \u201cSISound\u201d, fa parte [&hellip;]<\/p>\n","protected":false},"author":3,"featured_media":0,"parent":0,"menu_order":0,"comment_status":"closed","ping_status":"closed","template":"","meta":{"footnotes":""},"class_list":["post-4831","page","type-page","status-publish","hentry"],"_links":{"self":[{"href":"https:\/\/mediatau.it\/zisart\/wp-json\/wp\/v2\/pages\/4831","targetHints":{"allow":["GET"]}}],"collection":[{"href":"https:\/\/mediatau.it\/zisart\/wp-json\/wp\/v2\/pages"}],"about":[{"href":"https:\/\/mediatau.it\/zisart\/wp-json\/wp\/v2\/types\/page"}],"author":[{"embeddable":true,"href":"https:\/\/mediatau.it\/zisart\/wp-json\/wp\/v2\/users\/3"}],"replies":[{"embeddable":true,"href":"https:\/\/mediatau.it\/zisart\/wp-json\/wp\/v2\/comments?post=4831"}],"version-history":[{"count":2,"href":"https:\/\/mediatau.it\/zisart\/wp-json\/wp\/v2\/pages\/4831\/revisions"}],"predecessor-version":[{"id":4834,"href":"https:\/\/mediatau.it\/zisart\/wp-json\/wp\/v2\/pages\/4831\/revisions\/4834"}],"wp:attachment":[{"href":"https:\/\/mediatau.it\/zisart\/wp-json\/wp\/v2\/media?parent=4831"}],"curies":[{"name":"wp","href":"https:\/\/api.w.org\/{rel}","templated":true}]}}